CRAN Package Check Results for Package canvasXpress

Last updated on 2021-10-19 09:54:07 CEST.

Flavor Version Tinstall Tcheck Ttotal Status Flags
r-devel-linux-x86_64-debian-clang 1.35.0 3.34 46.08 49.42 OK
r-devel-linux-x86_64-debian-gcc 1.35.0 2.52 35.50 38.02 OK
r-devel-linux-x86_64-fedora-clang 1.35.0 57.82 OK
r-devel-linux-x86_64-fedora-gcc 1.35.0 47.14 OK
r-devel-windows-x86_64 1.35.0 6.00 93.00 99.00 OK
r-devel-windows-x86_64-gcc10-UCRT 1.35.0 OK
r-patched-linux-x86_64 1.35.0 2.94 44.94 47.88 OK
r-patched-solaris-x86 1.35.0 71.20 NOTE
r-release-linux-x86_64 1.35.0 3.13 45.97 49.10 OK
r-release-macos-arm64 1.35.0 OK
r-release-macos-x86_64 1.35.0 OK
r-release-windows-ix86+x86_64 1.35.0 6.00 152.00 158.00 OK
r-oldrel-macos-x86_64 1.35.0 OK
r-oldrel-windows-ix86+x86_64 1.35.0 7.00 151.00 158.00 OK

Check Details

Version: 1.35.0
Check: installed package size
Result: NOTE
     installed size is 5.1Mb
     sub-directories of 1Mb or more:
     doc 1.0Mb
     htmlwidgets 3.6Mb
Flavor: r-patched-solaris-x86