CRAN Package Check Results for Package caesar

Last updated on 2021-10-18 09:54:37 CEST.

Flavor Version Tinstall Tcheck Ttotal Status Flags
r-devel-linux-x86_64-debian-clang 1.1.0 1.90 23.94 25.84 NOTE
r-devel-linux-x86_64-debian-gcc 1.1.0 1.55 19.79 21.34 NOTE
r-devel-linux-x86_64-fedora-clang 1.1.0 42.04 NOTE
r-devel-linux-x86_64-fedora-gcc 1.1.0 31.57 NOTE
r-devel-windows-x86_64 1.1.0 4.00 44.00 48.00 NOTE
r-devel-windows-x86_64-gcc10-UCRT 1.1.0 NOTE
r-patched-linux-x86_64 1.1.0 2.00 23.50 25.50 NOTE
r-patched-solaris-x86 1.1.0 50.20 NOTE
r-release-linux-x86_64 1.1.0 1.74 23.51 25.25 NOTE
r-release-macos-arm64 1.1.0 NOTE
r-release-macos-x86_64 1.1.0 NOTE
r-release-windows-ix86+x86_64 1.1.0 4.00 42.00 46.00 NOTE
r-oldrel-macos-x86_64 1.1.0 OK
r-oldrel-windows-ix86+x86_64 1.1.0 5.00 39.00 44.00 OK

Check Details

Version: 1.1.0
Check: LazyData
Result: NOTE
     'LazyData' is specified without a 'data' directory
Flavors: r-devel-linux-x86_64-debian-clang, r-devel-linux-x86_64-debian-gcc, r-devel-linux-x86_64-fedora-clang, r-devel-linux-x86_64-fedora-gcc, r-devel-windows-x86_64, r-devel-windows-x86_64-gcc10-UCRT, r-patched-linux-x86_64, r-patched-solaris-x86, r-release-linux-x86_64, r-release-macos-arm64, r-release-macos-x86_64, r-release-windows-ix86+x86_64