Last updated on 2024-04-23 10:53:58 CEST.
Flavor | Version | Tinstall | Tcheck | Ttotal | Status | Flags |
---|---|---|---|---|---|---|
r-devel-linux-x86_64-debian-clang | 1.3 | 4.78 | 402.02 | 406.80 | OK | |
r-devel-linux-x86_64-debian-gcc | 1.3 | 2.64 | 312.80 | 315.44 | OK | |
r-devel-linux-x86_64-fedora-clang | 1.3 | 548.75 | NOTE | |||
r-devel-linux-x86_64-fedora-gcc | 1.3 | 555.53 | OK | |||
r-prerel-macos-arm64 | 1.3 | 58.00 | NOTE | |||
r-prerel-windows-x86_64 | 1.3 | 5.00 | 126.00 | 131.00 | NOTE | |
r-patched-linux-x86_64 | 1.3 | 4.53 | 388.68 | 393.21 | OK | |
r-release-linux-x86_64 | 1.3 | 3.05 | 382.27 | 385.32 | OK | |
r-release-macos-arm64 | 1.3 | 64.00 | NOTE | |||
r-release-macos-x86_64 | 1.3 | 98.00 | NOTE | |||
r-release-windows-x86_64 | 1.3 | 6.00 | 146.00 | 152.00 | NOTE | |
r-oldrel-macos-arm64 | 1.3 | 61.00 | NOTE | |||
r-oldrel-windows-x86_64 | 1.3 | 6.00 | 150.00 | 156.00 | NOTE |
Version: 1.3
Check: installed package size
Result: NOTE
installed size is 5.9Mb
sub-directories of 1Mb or more:
doc 5.7Mb
Flavors: r-devel-linux-x86_64-fedora-clang, r-prerel-macos-arm64, r-prerel-windows-x86_64, r-release-macos-arm64, r-release-macos-x86_64, r-release-windows-x86_64, r-oldrel-macos-arm64, r-oldrel-windows-x86_64