CRAN Package Check Results for Package bsts

Last updated on 2021-09-17 09:53:18 CEST.

Flavor Version Tinstall Tcheck Ttotal Status Flags
r-devel-linux-x86_64-debian-clang 0.9.7 108.80 124.77 233.57 OK
r-devel-linux-x86_64-debian-gcc 0.9.7 83.34 89.37 172.71 OK
r-devel-linux-x86_64-fedora-clang 0.9.7 316.14 NOTE
r-devel-linux-x86_64-fedora-gcc 0.9.7 308.83 OK
r-devel-windows-x86_64 0.9.7 93.00 192.00 285.00 NOTE
r-devel-windows-x86_64-gcc10-UCRT 0.9.7 OK
r-patched-linux-x86_64 0.9.7 112.48 123.35 235.83 OK
r-release-linux-x86_64 0.9.7 106.99 121.50 228.49 OK
r-release-macos-arm64 0.9.7 NOTE
r-release-macos-x86_64 0.9.7 NOTE
r-release-windows-ix86+x86_64 0.9.7 249.00 260.00 509.00 NOTE
r-oldrel-macos-x86_64 0.9.7 NOTE
r-oldrel-windows-ix86+x86_64 0.9.7 179.00 292.00 471.00 NOTE

Check Details

Version: 0.9.7
Check: installed package size
Result: NOTE
     installed size is 85.6Mb
     sub-directories of 1Mb or more:
     libs 84.9Mb
Flavors: r-devel-linux-x86_64-fedora-clang, r-devel-windows-x86_64, r-release-macos-arm64, r-release-macos-x86_64, r-release-windows-ix86+x86_64, r-oldrel-macos-x86_64, r-oldrel-windows-ix86+x86_64