CRAN Package Check Results for Package bsplus

Last updated on 2021-09-19 09:50:03 CEST.

Flavor Version Tinstall Tcheck Ttotal Status Flags
r-devel-linux-x86_64-debian-clang 0.1.2 4.76 40.69 45.45 NOTE
r-devel-linux-x86_64-debian-gcc 0.1.2 3.18 31.50 34.68 NOTE
r-devel-linux-x86_64-fedora-clang 0.1.2 61.75 NOTE
r-devel-linux-x86_64-fedora-gcc 0.1.2 50.89 NOTE
r-devel-windows-x86_64 0.1.2 6.00 64.00 70.00 NOTE
r-devel-windows-x86_64-gcc10-UCRT 0.1.2 ERROR
r-patched-linux-x86_64 0.1.2 4.71 40.06 44.77 ERROR
r-patched-solaris-x86 0.1.2 78.50 ERROR
r-release-linux-x86_64 0.1.2 4.35 40.03 44.38 ERROR
r-release-macos-arm64 0.1.2 NOTE
r-release-macos-x86_64 0.1.2 NOTE
r-release-windows-ix86+x86_64 0.1.2 11.00 48.00 59.00 ERROR
r-oldrel-macos-x86_64 0.1.2 NOTE
r-oldrel-windows-ix86+x86_64 0.1.2 10.00 61.00 71.00 ERROR

Check Details

Version: 0.1.2
Check: LazyData
Result: NOTE
     'LazyData' is specified without a 'data' directory
Flavors: r-devel-linux-x86_64-debian-clang, r-devel-linux-x86_64-debian-gcc, r-devel-linux-x86_64-fedora-clang, r-devel-linux-x86_64-fedora-gcc, r-devel-windows-x86_64, r-devel-windows-x86_64-gcc10-UCRT, r-patched-linux-x86_64, r-patched-solaris-x86, r-release-linux-x86_64, r-release-macos-arm64, r-release-macos-x86_64, r-release-windows-ix86+x86_64

Version: 0.1.2
Check: dependencies in R code
Result: NOTE
    Namespace in Imports field not imported from: ‘methods’
     All declared Imports should be used.
Flavors: r-devel-linux-x86_64-fedora-clang, r-devel-linux-x86_64-fedora-gcc, r-devel-windows-x86_64-gcc10-UCRT, r-patched-solaris-x86, r-release-macos-arm64, r-release-macos-x86_64, r-oldrel-macos-x86_64

Version: 0.1.2
Check: whether package can be installed
Result: WARN
    Found the following significant warnings:
     WARNING: installation-time patches will not be applied, could not get the patches index
Flavor: r-devel-windows-x86_64-gcc10-UCRT

Version: 0.1.2
Check: PDF version of manual
Result: WARN
    LaTeX errors when creating PDF version.
    This typically indicates Rd problems.
Flavor: r-devel-windows-x86_64-gcc10-UCRT

Version: 0.1.2
Check: PDF version of manual without hyperrefs or index
Result: ERROR
    Re-running with no redirection of stdout/stderr.
Flavor: r-devel-windows-x86_64-gcc10-UCRT

Version: 0.1.2
Check: examples
Result: ERROR
    Running examples in ‘bsplus-Ex.R’ failed
    The error most likely occurred in:
    
    > base::assign(".ptime", proc.time(), pos = "CheckExEnv")
    > ### Name: bs_modal
    > ### Title: Modal window
    > ### Aliases: bs_modal bs_modal_closebutton bs_attach_modal
    >
    > ### ** Examples
    >
    > library("htmltools")
    > library("shiny")
    >
    > bs_modal(id = "modal", title = "I'm a modal", body = "Yes, I am.")
    <div class="modal fade" id="modal" tabindex="-1" role="dialog" aria-labelledby="modal-title">
     <div class="modal-dialog" role="document">
     <div class="modal-content">
     <div class="modal-header">
     <button type="button" class="close" data-dismiss="modal" aria-label="Close">
     <span aria-hidden="true">&times;</span>
     </button>
     <h4 class="modal-title" id="modal-title">I'm a modal</h4>
     </div>
     <div class="modal-body">Yes, I am.</div>
     <div class="modal-footer">
     <button class="btn btn-default" data-dismiss="modal">Close</button>
     </div>
     </div>
     </div>
    </div>
    > bs_button("Click for modal") %>%
    + bs_attach_modal(id_modal = "modal")
    <button class="btn btn-default" data-toggle="modal" data-target="#modal">Click for modal</button>
    >
    > bs_modal(
    + id = "modal_large",
    + title = "I'm a modal",
    + size = "large",
    + body = includeMarkdown(system.file("markdown", "modal.md", package = "bsplus"))
    + )
    Error in loadNamespace(x) : there is no package called ‘markdown’
    Calls: bs_modal ... loadNamespace -> withRestarts -> withOneRestart -> doWithOneRestart
    Execution halted
Flavors: r-patched-linux-x86_64, r-release-linux-x86_64

Version: 0.1.2
Check: examples
Result: ERROR
    Running examples in ‘bsplus-Ex.R’ failed
    The error most likely occurred in:
    
    > ### Name: bs_modal
    > ### Title: Modal window
    > ### Aliases: bs_modal bs_modal_closebutton bs_attach_modal
    >
    > ### ** Examples
    >
    > library("htmltools")
    > library("shiny")
    >
    > bs_modal(id = "modal", title = "I'm a modal", body = "Yes, I am.")
    <div class="modal fade" id="modal" tabindex="-1" role="dialog" aria-labelledby="modal-title">
     <div class="modal-dialog" role="document">
     <div class="modal-content">
     <div class="modal-header">
     <button type="button" class="close" data-dismiss="modal" aria-label="Close">
     <span aria-hidden="true">&times;</span>
     </button>
     <h4 class="modal-title" id="modal-title">I'm a modal</h4>
     </div>
     <div class="modal-body">Yes, I am.</div>
     <div class="modal-footer">
     <button class="btn btn-default" data-dismiss="modal">Close</button>
     </div>
     </div>
     </div>
    </div>
    > bs_button("Click for modal") %>%
    + bs_attach_modal(id_modal = "modal")
    <button class="btn btn-default" data-toggle="modal" data-target="#modal">Click for modal</button>
    >
    > bs_modal(
    + id = "modal_large",
    + title = "I'm a modal",
    + size = "large",
    + body = includeMarkdown(system.file("markdown", "modal.md", package = "bsplus"))
    + )
    Error in loadNamespace(x) : there is no package called ‘markdown’
    Calls: bs_modal ... loadNamespace -> withRestarts -> withOneRestart -> doWithOneRestart
    Execution halted
Flavors: r-patched-solaris-x86, r-release-windows-ix86+x86_64

Version: 0.1.2
Check: examples
Result: ERROR
    Running examples in 'bsplus-Ex.R' failed
    The error most likely occurred in:
    
    > ### Name: bs_modal
    > ### Title: Modal window
    > ### Aliases: bs_modal bs_modal_closebutton bs_attach_modal
    >
    > ### ** Examples
    >
    > library("htmltools")
    > library("shiny")
    >
    > bs_modal(id = "modal", title = "I'm a modal", body = "Yes, I am.")
    <div class="modal fade" id="modal" tabindex="-1" role="dialog" aria-labelledby="modal-title">
     <div class="modal-dialog" role="document">
     <div class="modal-content">
     <div class="modal-header">
     <button type="button" class="close" data-dismiss="modal" aria-label="Close">
     <span aria-hidden="true">&times;</span>
     </button>
     <h4 class="modal-title" id="modal-title">I'm a modal</h4>
     </div>
     <div class="modal-body">Yes, I am.</div>
     <div class="modal-footer">
     <button class="btn btn-default" data-dismiss="modal">Close</button>
     </div>
     </div>
     </div>
    </div>
    > bs_button("Click for modal") %>%
    + bs_attach_modal(id_modal = "modal")
    <button class="btn btn-default" data-toggle="modal" data-target="#modal">Click for modal</button>
    >
    > bs_modal(
    + id = "modal_large",
    + title = "I'm a modal",
    + size = "large",
    + body = includeMarkdown(system.file("markdown", "modal.md", package = "bsplus"))
    + )
    Error in loadNamespace(name) : there is no package called 'markdown'
    Calls: bs_modal ... loadNamespace -> withRestarts -> withOneRestart -> doWithOneRestart
    Execution halted
Flavor: r-oldrel-windows-ix86+x86_64