CRAN Package Check Results for Package brotli

Last updated on 2021-10-20 09:55:03 CEST.

Flavor Version Tinstall Tcheck Ttotal Status Flags
r-devel-linux-x86_64-debian-clang 1.2 31.80 35.98 67.78 OK
r-devel-linux-x86_64-debian-gcc 1.2 23.96 28.24 52.20 OK
r-devel-linux-x86_64-fedora-clang 1.2 105.17 NOTE
r-devel-linux-x86_64-fedora-gcc 1.2 87.32 OK
r-devel-windows-x86_64 1.2 38.00 59.00 97.00 OK
r-devel-windows-x86_64-gcc10-UCRT 1.2 OK
r-patched-linux-x86_64 1.2 26.52 33.74 60.26 OK
r-patched-solaris-x86 1.2 128.80 NOTE
r-release-linux-x86_64 1.2 26.81 33.60 60.41 OK
r-release-macos-arm64 1.2 OK
r-release-macos-x86_64 1.2 OK
r-release-windows-ix86+x86_64 1.2 59.00 64.00 123.00 OK
r-oldrel-macos-x86_64 1.2 OK
r-oldrel-windows-ix86+x86_64 1.2 79.00 63.00 142.00 OK

Check Details

Version: 1.2
Check: installed package size
Result: NOTE
     installed size is 5.9Mb
     sub-directories of 1Mb or more:
     bin 2.3Mb
     doc 1.1Mb
     libs 2.3Mb
Flavors: r-devel-linux-x86_64-fedora-clang, r-patched-solaris-x86