Last updated on 2024-03-27 10:09:21 CET.
Flavor | Version | Tinstall | Tcheck | Ttotal | Status | Flags |
---|---|---|---|---|---|---|
r-devel-linux-x86_64-debian-clang | 2.21.0 | 85.43 | 764.85 | 850.28 | NOTE | |
r-devel-linux-x86_64-debian-gcc | 2.21.0 | 59.45 | 545.96 | 605.41 | NOTE | |
r-devel-linux-x86_64-fedora-clang | 2.21.0 | 1113.37 | NOTE | |||
r-devel-linux-x86_64-fedora-gcc | 2.21.0 | 992.65 | NOTE | |||
r-devel-windows-x86_64 | 2.21.0 | 56.00 | 242.00 | 298.00 | NOTE | --no-examples --no-tests --no-vignettes |
r-patched-linux-x86_64 | 2.20.4 | 65.14 | 719.59 | 784.73 | NOTE | |
r-release-linux-x86_64 | 2.21.0 | 63.68 | 719.04 | 782.72 | NOTE | |
r-release-macos-arm64 | 2.21.0 | 243.00 | NOTE | |||
r-release-macos-x86_64 | 2.21.0 | 648.00 | NOTE | |||
r-release-windows-x86_64 | 2.21.0 | 83.00 | 210.00 | 293.00 | NOTE | --no-examples --no-tests --no-vignettes |
r-oldrel-macos-arm64 | 2.21.0 | 218.00 | NOTE | |||
r-oldrel-windows-x86_64 | 2.21.0 | 67.00 | 169.00 | 236.00 | NOTE | --no-examples --no-tests --no-vignettes |
Version: 2.21.0
Check: package dependencies
Result: NOTE
Package suggested but not available for checking: ‘cmdstanr’
Flavors: r-devel-linux-x86_64-debian-clang, r-devel-linux-x86_64-debian-gcc, r-devel-linux-x86_64-fedora-clang, r-devel-linux-x86_64-fedora-gcc, r-release-linux-x86_64, r-release-macos-arm64, r-release-macos-x86_64, r-oldrel-macos-arm64
Version: 2.21.0
Check: installed package size
Result: NOTE
installed size is 8.7Mb
sub-directories of 1Mb or more:
R 3.7Mb
doc 3.6Mb
Flavors: r-devel-linux-x86_64-fedora-clang, r-release-macos-arm64, r-release-macos-x86_64, r-oldrel-macos-arm64
Version: 2.21.0
Flags: --no-examples --no-tests --no-vignettes
Check: package dependencies
Result: NOTE
Package suggested but not available for checking: 'cmdstanr'
Flavors: r-devel-windows-x86_64, r-release-windows-x86_64, r-oldrel-windows-x86_64
Version: 2.21.0
Flags: --no-examples --no-tests --no-vignettes
Check: installed package size
Result: NOTE
installed size is 8.6Mb
sub-directories of 1Mb or more:
R 3.7Mb
doc 3.6Mb
Flavors: r-devel-windows-x86_64, r-release-windows-x86_64, r-oldrel-windows-x86_64
Version: 2.20.4
Check: package dependencies
Result: NOTE
Package suggested but not available for checking: ‘cmdstanr’
Flavor: r-patched-linux-x86_64