Last updated on 2024-04-23 10:53:58 CEST.
Flavor | Version | Tinstall | Tcheck | Ttotal | Status | Flags |
---|---|---|---|---|---|---|
r-devel-linux-x86_64-debian-clang | 1.1.4 | 4.20 | 25.29 | 29.49 | OK | |
r-devel-linux-x86_64-debian-gcc | 1.1.4 | 2.82 | 19.33 | 22.15 | NOTE | |
r-devel-linux-x86_64-fedora-clang | 1.1.4 | 39.51 | NOTE | |||
r-devel-linux-x86_64-fedora-gcc | 1.1.4 | 35.61 | NOTE | |||
r-prerel-macos-arm64 | 1.1.4 | 17.00 | OK | |||
r-prerel-windows-x86_64 | 1.1.4 | 11.00 | 43.00 | 54.00 | OK | |
r-patched-linux-x86_64 | 1.1.4 | 3.63 | 24.56 | 28.19 | OK | |
r-release-linux-x86_64 | 1.1.4 | 3.88 | 23.60 | 27.48 | OK | |
r-release-macos-arm64 | 1.1.4 | 37.00 | OK | |||
r-release-macos-x86_64 | 1.1.4 | 54.00 | OK | |||
r-release-windows-x86_64 | 1.1.4 | 11.00 | 46.00 | 57.00 | OK | |
r-oldrel-macos-arm64 | 1.1.4 | 42.00 | OK | |||
r-oldrel-windows-x86_64 | 1.1.4 | 11.00 | 47.00 | 58.00 | OK |
Version: 1.1.4
Check: compiled code
Result: NOTE
File ‘brio/libs/brio.so’:
Found non-API calls to R: ‘SETLENGTH’, ‘SET_TRUELENGTH’
Compiled code should not call non-API entry points in R.
See ‘Writing portable packages’ in the ‘Writing R Extensions’ manual.
Flavors: r-devel-linux-x86_64-debian-gcc, r-devel-linux-x86_64-fedora-clang, r-devel-linux-x86_64-fedora-gcc