CRAN Package Check Results for Package boxr

Last updated on 2021-09-21 09:52:26 CEST.

Flavor Version Tinstall Tcheck Ttotal Status Flags
r-devel-linux-x86_64-debian-clang 0.3.6 6.49 54.23 60.72 OK
r-devel-linux-x86_64-debian-gcc 0.3.6 4.43 41.35 45.78 OK
r-devel-linux-x86_64-fedora-clang 0.3.6 80.24 NOTE
r-devel-linux-x86_64-fedora-gcc 0.3.6 69.83 OK
r-devel-windows-x86_64 0.3.6 8.00 59.00 67.00 OK
r-devel-windows-x86_64-gcc10-UCRT 0.3.6 ERROR
r-patched-linux-x86_64 0.3.6 10.68 53.72 64.40 OK
r-patched-solaris-x86 0.3.6 98.10 OK
r-release-linux-x86_64 0.3.6 6.19 53.90 60.09 OK
r-release-macos-arm64 0.3.6 OK
r-release-macos-x86_64 0.3.6 OK
r-release-windows-ix86+x86_64 0.3.6 12.00 65.00 77.00 OK
r-oldrel-macos-x86_64 0.3.6 OK
r-oldrel-windows-ix86+x86_64 0.3.6 12.00 75.00 87.00 OK

Check Details

Version: 0.3.6
Check: Rd cross-references
Result: NOTE
    Undeclared packages ‘data.table’, ‘readxl’, ‘openxlsx’ in Rd xrefs
Flavor: r-devel-linux-x86_64-fedora-clang

Version: 0.3.6
Check: whether package can be installed
Result: WARN
    Found the following significant warnings:
     WARNING: installation-time patches will not be applied, could not get the patches index
Flavor: r-devel-windows-x86_64-gcc10-UCRT

Version: 0.3.6
Check: PDF version of manual
Result: WARN
    LaTeX errors when creating PDF version.
    This typically indicates Rd problems.
Flavor: r-devel-windows-x86_64-gcc10-UCRT

Version: 0.3.6
Check: PDF version of manual without hyperrefs or index
Result: ERROR
    Re-running with no redirection of stdout/stderr.
Flavor: r-devel-windows-x86_64-gcc10-UCRT