CRAN Package Check Results for Package bodenmiller

Last updated on 2021-07-24 09:53:52 CEST.

Flavor Version Tinstall Tcheck Ttotal Status Flags
r-devel-linux-x86_64-debian-clang 0.1.1 9.56 40.83 50.39 OK
r-devel-linux-x86_64-debian-gcc 0.1.1 7.64 31.96 39.60 OK
r-devel-linux-x86_64-fedora-clang 0.1.1 68.47 NOTE
r-devel-linux-x86_64-fedora-gcc 0.1.1 58.74 OK
r-devel-windows-x86_64 0.1.1 12.00 44.00 56.00 NOTE
r-devel-windows-x86_64-gcc10-UCRT 0.1.1 OK
r-patched-linux-x86_64 0.1.1 8.61 39.46 48.07 OK
r-patched-solaris-x86 0.1.1 89.70 NOTE
r-release-linux-x86_64 0.1.1 8.67 39.15 47.82 OK
r-release-macos-arm64 0.1.1 NOTE
r-release-macos-x86_64 0.1.1 NOTE
r-release-windows-ix86+x86_64 0.1.1 14.00 40.00 54.00 NOTE
r-oldrel-macos-x86_64 0.1.1 NOTE
r-oldrel-windows-ix86+x86_64 0.1.1 28.00 53.00 81.00 NOTE

Check Details

Version: 0.1.1
Check: installed package size
Result: NOTE
     installed size is 7.2Mb
     sub-directories of 1Mb or more:
     data 7.0Mb
Flavors: r-devel-linux-x86_64-fedora-clang, r-devel-windows-x86_64, r-patched-solaris-x86, r-release-macos-arm64, r-release-macos-x86_64, r-release-windows-ix86+x86_64, r-oldrel-macos-x86_64, r-oldrel-windows-ix86+x86_64