CRAN Package Check Results for Package biomod2

Last updated on 2021-07-29 10:52:49 CEST.

Flavor Version Tinstall Tcheck Ttotal Status Flags
r-devel-linux-x86_64-debian-clang 3.5.1 OK
r-devel-linux-x86_64-debian-gcc 3.5.1 52.05 308.37 360.42 OK
r-devel-linux-x86_64-fedora-clang 3.5.1 573.99 NOTE
r-devel-linux-x86_64-fedora-gcc 3.5.1 569.43 NOTE
r-devel-windows-x86_64 3.5.1 101.00 458.00 559.00 OK
r-devel-windows-x86_64-gcc10-UCRT 3.5.1 NOTE
r-patched-linux-x86_64 3.5.1 58.59 393.04 451.63 OK
r-patched-solaris-x86 3.5.1 722.30 NOTE
r-release-linux-x86_64 3.5.1 55.82 393.99 449.81 OK
r-release-macos-arm64 3.5.1 NOTE
r-release-macos-x86_64 3.5.1 NOTE
r-release-windows-ix86+x86_64 3.5.1 128.00 328.00 456.00 OK
r-oldrel-macos-x86_64 3.5.1 NOTE
r-oldrel-windows-ix86+x86_64 3.5.1 112.00 468.00 580.00 OK

Check Details

Version: 3.5.1
Check: package dependencies
Result: NOTE
    Imports includes 27 non-default packages.
    Importing from so many packages makes the package vulnerable to any of
    them becoming unavailable. Move as many as possible to Suggests and
    use conditionally.
Flavor: r-devel-linux-x86_64-fedora-clang

Version: 3.5.1
Check: dependencies in R code
Result: NOTE
    Namespace in Imports field not imported from: ‘doParallel’
     All declared Imports should be used.
Flavors: r-devel-linux-x86_64-fedora-clang, r-devel-linux-x86_64-fedora-gcc, r-devel-windows-x86_64-gcc10-UCRT, r-patched-solaris-x86, r-release-macos-arm64, r-release-macos-x86_64, r-oldrel-macos-x86_64