CRAN Package Check Results for Package biocompute

Last updated on 2021-09-28 09:53:10 CEST.

Flavor Version Tinstall Tcheck Ttotal Status Flags
r-devel-linux-x86_64-debian-clang 1.0.4 4.71 51.14 55.85 NOTE
r-devel-linux-x86_64-debian-gcc 1.0.4 3.94 39.56 43.50 NOTE
r-devel-linux-x86_64-fedora-clang 1.0.4 78.00 NOTE
r-devel-linux-x86_64-fedora-gcc 1.0.4 68.97 NOTE
r-devel-windows-x86_64 1.0.4 9.00 66.00 75.00 NOTE
r-devel-windows-x86_64-gcc10-UCRT 1.0.4 NOTE
r-patched-linux-x86_64 1.0.4 5.87 50.66 56.53 NOTE
r-patched-solaris-x86 1.0.4 102.00 NOTE
r-release-linux-x86_64 1.0.4 5.54 51.28 56.82 NOTE
r-release-macos-arm64 1.0.4 NOTE
r-release-macos-x86_64 1.0.4 NOTE
r-release-windows-ix86+x86_64 1.0.4 16.00 88.00 104.00 NOTE
r-oldrel-macos-x86_64 1.0.4 OK
r-oldrel-windows-ix86+x86_64 1.0.4 13.00 72.00 85.00 OK

Check Details

Version: 1.0.4
Check: LazyData
Result: NOTE
     'LazyData' is specified without a 'data' directory
Flavors: r-devel-linux-x86_64-debian-clang, r-devel-linux-x86_64-debian-gcc, r-devel-linux-x86_64-fedora-clang, r-devel-linux-x86_64-fedora-gcc, r-devel-windows-x86_64, r-devel-windows-x86_64-gcc10-UCRT, r-patched-linux-x86_64, r-patched-solaris-x86, r-release-linux-x86_64, r-release-macos-arm64, r-release-macos-x86_64, r-release-windows-ix86+x86_64