CRAN Package Check Results for Package bioRad

Last updated on 2021-07-25 09:50:11 CEST.

Flavor Version Tinstall Tcheck Ttotal Status Flags
r-devel-linux-x86_64-debian-clang 0.5.2 23.00 293.47 316.47 OK
r-devel-linux-x86_64-debian-gcc 0.5.2 19.76 222.05 241.81 OK
r-devel-linux-x86_64-fedora-clang 0.5.2 377.42 NOTE
r-devel-linux-x86_64-fedora-gcc 0.5.2 370.90 OK
r-devel-windows-x86_64 0.5.2 28.00 292.00 320.00 NOTE
r-devel-windows-x86_64-gcc10-UCRT 0.5.2 OK
r-patched-linux-x86_64 0.5.2 24.68 280.27 304.95 OK
r-patched-solaris-x86 0.5.2 533.70 NOTE
r-release-linux-x86_64 0.5.2 23.47 283.55 307.02 OK
r-release-macos-arm64 0.5.2 NOTE
r-release-macos-x86_64 0.5.2 NOTE
r-release-windows-ix86+x86_64 0.5.2 56.00 303.00 359.00 NOTE
r-oldrel-macos-x86_64 0.5.2 NOTE
r-oldrel-windows-ix86+x86_64 0.5.2 64.00 419.00 483.00 NOTE

Check Details

Version: 0.5.2
Check: installed package size
Result: NOTE
     installed size is 5.7Mb
     sub-directories of 1Mb or more:
     data 1.6Mb
     doc 1.2Mb
     extdata 1.7Mb
Flavors: r-devel-linux-x86_64-fedora-clang, r-devel-windows-x86_64, r-patched-solaris-x86, r-release-macos-arm64, r-release-macos-x86_64, r-release-windows-ix86+x86_64, r-oldrel-macos-x86_64, r-oldrel-windows-ix86+x86_64