CRAN Package Check Results for Package binsreg

Last updated on 2021-08-01 09:50:12 CEST.

Flavor Version Tinstall Tcheck Ttotal Status Flags
r-devel-linux-x86_64-debian-clang 0.2.0 7.37 58.67 66.04 NOTE
r-devel-linux-x86_64-debian-gcc 0.2.0 5.79 43.13 48.92 NOTE
r-devel-linux-x86_64-fedora-clang 0.2.0 87.67 NOTE
r-devel-linux-x86_64-fedora-gcc 0.2.0 76.47 NOTE
r-devel-windows-x86_64 0.2.0 9.00 73.00 82.00 NOTE
r-devel-windows-x86_64-gcc10-UCRT 0.2.0 NOTE
r-patched-linux-x86_64 0.2.0 NOTE
r-patched-solaris-x86 0.2.0 105.30 NOTE
r-release-linux-x86_64 0.2.0 7.91 53.66 61.57 NOTE
r-release-macos-arm64 0.2.0 NOTE
r-release-macos-x86_64 0.2.0 NOTE
r-release-windows-ix86+x86_64 0.2.0 17.00 56.00 73.00 NOTE
r-oldrel-macos-x86_64 0.2.0 OK
r-oldrel-windows-ix86+x86_64 0.2.0 14.00 74.00 88.00 OK

Check Details

Version: 0.2.0
Check: LazyData
Result: NOTE
     'LazyData' is specified without a 'data' directory
Flavors: r-devel-linux-x86_64-debian-clang, r-devel-linux-x86_64-debian-gcc, r-devel-linux-x86_64-fedora-clang, r-devel-linux-x86_64-fedora-gcc, r-devel-windows-x86_64, r-devel-windows-x86_64-gcc10-UCRT, r-patched-linux-x86_64, r-patched-solaris-x86, r-release-linux-x86_64, r-release-macos-arm64, r-release-macos-x86_64, r-release-windows-ix86+x86_64