Last updated on 2024-04-23 10:53:57 CEST.
Flavor | Version | Tinstall | Tcheck | Ttotal | Status | Flags |
---|---|---|---|---|---|---|
r-devel-linux-x86_64-debian-clang | 1.3.1 | 100.68 | 194.71 | 295.39 | OK | |
r-devel-linux-x86_64-debian-gcc | 1.3.1 | 67.73 | 133.67 | 201.40 | OK | |
r-devel-linux-x86_64-fedora-clang | 1.3.1 | 372.27 | OK | |||
r-devel-linux-x86_64-fedora-gcc | 1.3.1 | 369.79 | OK | |||
r-prerel-macos-arm64 | 1.3.1 | 87.00 | NOTE | |||
r-prerel-windows-x86_64 | 1.3.1 | 72.00 | 169.00 | 241.00 | OK | |
r-patched-linux-x86_64 | 1.3.1 | 85.30 | 182.27 | 267.57 | OK | |
r-release-linux-x86_64 | 1.3.1 | 79.30 | 184.99 | 264.29 | OK | |
r-release-macos-arm64 | 1.3.1 | 86.00 | NOTE | |||
r-release-macos-x86_64 | 1.3.1 | 241.00 | NOTE | |||
r-release-windows-x86_64 | 1.3.1 | 94.00 | 209.00 | 303.00 | OK | |
r-oldrel-macos-arm64 | 1.3.1 | 80.00 | NOTE | |||
r-oldrel-windows-x86_64 | 1.3.1 | 88.00 | 189.00 | 277.00 | OK |
Version: 1.3.1
Check: installed package size
Result: NOTE
installed size is 5.7Mb
sub-directories of 1Mb or more:
libs 4.6Mb
Flavors: r-prerel-macos-arm64, r-release-macos-arm64, r-release-macos-x86_64, r-oldrel-macos-arm64