CRAN Package Check Results for Package biglm

Last updated on 2021-11-30 10:51:00 CET.

Flavor Version Tinstall Tcheck Ttotal Status Flags
r-devel-linux-x86_64-debian-clang 0.9-2.1 3.61 29.80 33.41 NOTE
r-devel-linux-x86_64-debian-gcc 0.9-2.1 3.17 23.45 26.62 NOTE
r-devel-linux-x86_64-fedora-clang 0.9-2.1 54.64 NOTE
r-devel-linux-x86_64-fedora-gcc 0.9-2.1 40.92 NOTE
r-devel-windows-x86_64-new-UL 0.9-2.1 10.00 64.00 74.00 OK
r-devel-windows-x86_64-new-TK 0.9-2.1 OK
r-devel-windows-x86_64-old 0.9-2.1 7.00 36.00 43.00 OK
r-patched-linux-x86_64 0.9-2.1 3.77 28.81 32.58 NOTE
r-patched-solaris-x86 0.9-2.1 62.70 OK
r-release-linux-x86_64 0.9-2.1 3.21 28.67 31.88 NOTE
r-release-macos-arm64 0.9-2.1 NOTE
r-release-macos-x86_64 0.9-2.1 OK
r-release-windows-ix86+x86_64 0.9-2.1 10.00 44.00 54.00 OK
r-oldrel-macos-x86_64 0.9-2.1 OK
r-oldrel-windows-ix86+x86_64 0.9-2.1 8.00 55.00 63.00 OK

Check Details

Version: 0.9-2.1
Check: R code for possible problems
Result: NOTE
    Found the following calls to data() loading into the global environment:
    File 'biglm/R/bigglm.R':
     data(reset = TRUE)
     data(reset = FALSE)
    See section 'Good practice' in '?data'.
Flavors: r-devel-linux-x86_64-debian-clang, r-devel-linux-x86_64-debian-gcc, r-devel-linux-x86_64-fedora-clang, r-patched-linux-x86_64, r-release-linux-x86_64

Version: 0.9-2.1
Check: compiled code
Result: NOTE
    File ‘biglm/libs/biglm.so’:
     Found no calls to: ‘R_registerRoutines’, ‘R_useDynamicSymbols’
    
    It is good practice to register native routines and to disable symbol
    search.
    
    See ‘Writing portable packages’ in the ‘Writing R Extensions’ manual.
Flavors: r-devel-linux-x86_64-fedora-clang, r-devel-linux-x86_64-fedora-gcc

Version: 0.9-2.1
Check: package dependencies
Result: NOTE
    Package suggested but not available for checking: ‘RODBC’
Flavor: r-release-macos-arm64