Last updated on 2024-03-28 10:49:28 CET.
Flavor | Version | Tinstall | Tcheck | Ttotal | Status | Flags |
---|---|---|---|---|---|---|
r-devel-linux-x86_64-debian-clang | 4.1.4 | 25.92 | 239.29 | 265.21 | OK | |
r-devel-linux-x86_64-debian-gcc | 4.1.4 | 22.21 | 175.60 | 197.81 | OK | |
r-devel-linux-x86_64-fedora-clang | 4.1.4 | 326.89 | NOTE | |||
r-devel-linux-x86_64-fedora-gcc | 4.1.4 | 324.85 | OK | |||
r-devel-windows-x86_64 | 4.1.4 | 24.00 | 185.00 | 209.00 | OK | |
r-patched-linux-x86_64 | 4.1.4 | 34.70 | 230.77 | 265.47 | OK | |
r-release-linux-x86_64 | 4.1.4 | 26.94 | 233.86 | 260.80 | OK | |
r-release-macos-arm64 | 4.1.4 | 86.00 | OK | |||
r-release-macos-x86_64 | 4.1.4 | 166.00 | OK | |||
r-release-windows-x86_64 | 4.1.4 | 32.00 | 245.00 | 277.00 | OK | |
r-oldrel-macos-arm64 | 4.1.4 | 88.00 | OK | |||
r-oldrel-windows-x86_64 | 4.1.4 | 36.00 | 235.00 | 271.00 | OK |
Version: 4.1.4
Check: package dependencies
Result: NOTE
Imports includes 23 non-default packages.
Importing from so many packages makes the package vulnerable to any of
them becoming unavailable. Move as many as possible to Suggests and
use conditionally.
Flavor: r-devel-linux-x86_64-fedora-clang