CRAN Package Check Results for Package bib2df

Last updated on 2022-01-22 09:53:59 CET.

Flavor Version Tinstall Tcheck Ttotal Status Flags
r-devel-linux-x86_64-debian-clang 1.1.1 4.39 62.46 66.85 NOTE
r-devel-linux-x86_64-debian-gcc 1.1.1 4.03 46.27 50.30 NOTE
r-devel-linux-x86_64-fedora-clang 1.1.1 81.42 NOTE
r-devel-linux-x86_64-fedora-gcc 1.1.1 69.70 NOTE
r-devel-windows-x86_64-new-UL 1.1.1 26.00 84.00 110.00 NOTE
r-devel-windows-x86_64-new-TK 1.1.1 NOTE
r-patched-linux-x86_64 1.1.1 4.57 57.50 62.07 NOTE
r-release-linux-x86_64 1.1.1 4.53 56.70 61.23 NOTE
r-release-macos-arm64 1.1.1 NOTE
r-release-macos-x86_64 1.1.1 NOTE
r-release-windows-ix86+x86_64 1.1.1 13.00 70.00 83.00 NOTE
r-oldrel-macos-x86_64 1.1.1 OK
r-oldrel-windows-ix86+x86_64 1.1.1 13.00 72.00 85.00 OK

Check Details

Version: 1.1.1
Check: LazyData
Result: NOTE
     'LazyData' is specified without a 'data' directory
Flavors: r-devel-linux-x86_64-debian-clang, r-devel-linux-x86_64-debian-gcc, r-devel-linux-x86_64-fedora-clang, r-devel-linux-x86_64-fedora-gcc, r-devel-windows-x86_64-new-UL, r-devel-windows-x86_64-new-TK, r-patched-linux-x86_64, r-release-linux-x86_64, r-release-macos-arm64, r-release-macos-x86_64, r-release-windows-ix86+x86_64