CRAN Package Check Results for Package betaBayes

Last updated on 2021-10-23 10:56:46 CEST.

Flavor Version Tinstall Tcheck Ttotal Status Flags
r-devel-linux-x86_64-debian-clang 1.0 71.27 32.46 103.73 OK
r-devel-linux-x86_64-debian-gcc 1.0 53.95 25.04 78.99 OK
r-devel-linux-x86_64-fedora-clang 1.0 166.26 NOTE
r-devel-linux-x86_64-fedora-gcc 1.0 142.93 NOTE
r-devel-windows-x86_64 1.0 84.00 51.00 135.00 OK
r-devel-windows-x86_64-gcc10-UCRT 1.0 NOTE
r-patched-linux-x86_64 1.0 61.93 31.61 93.54 OK
r-patched-solaris-x86 1.0 146.40 NOTE
r-release-linux-x86_64 1.0 63.73 31.98 95.71 OK
r-release-macos-arm64 1.0 NOTE
r-release-macos-x86_64 1.0 NOTE
r-release-windows-ix86+x86_64 1.0 130.00 78.00 208.00 OK
r-oldrel-macos-x86_64 1.0 NOTE
r-oldrel-windows-ix86+x86_64 1.0 174.00 79.00 253.00 OK

Check Details

Version: 1.0
Check: dependencies in R code
Result: NOTE
    Namespaces in Imports field not imported from:
     ‘coda’ ‘splines’
     All declared Imports should be used.
Flavors: r-devel-linux-x86_64-fedora-clang, r-devel-linux-x86_64-fedora-gcc, r-devel-windows-x86_64-gcc10-UCRT, r-patched-solaris-x86, r-release-macos-arm64, r-release-macos-x86_64, r-oldrel-macos-x86_64