CRAN Package Check Results for Package berryFunctions

Last updated on 2021-10-23 10:56:46 CEST.

Flavor Version Tinstall Tcheck Ttotal Status Flags
r-devel-linux-x86_64-debian-clang 1.20.1 13.32 97.70 111.02 OK
r-devel-linux-x86_64-debian-gcc 1.20.1 8.73 73.49 82.22 OK
r-devel-linux-x86_64-fedora-clang 1.20.1 145.27 NOTE
r-devel-linux-x86_64-fedora-gcc 1.20.1 134.27 OK
r-devel-windows-x86_64 1.20.1 17.00 135.00 152.00 OK
r-devel-windows-x86_64-gcc10-UCRT 1.20.1 OK
r-patched-linux-x86_64 1.20.1 16.52 95.41 111.93 OK
r-patched-solaris-x86 1.20.1 155.10 OK
r-release-linux-x86_64 1.20.1 12.76 94.98 107.74 OK
r-release-macos-arm64 1.20.1 OK
r-release-macos-x86_64 1.20.1 OK
r-release-windows-ix86+x86_64 1.20.1 14.00 135.00 149.00 OK
r-oldrel-macos-x86_64 1.20.1 OK
r-oldrel-windows-ix86+x86_64 1.20.1 20.00 135.00 155.00 OK

Check Details

Version: 1.20.1
Check: Rd cross-references
Result: NOTE
    Undeclared package ‘zoo’ in Rd xrefs
Flavor: r-devel-linux-x86_64-fedora-clang