CRAN Package Check Results for Package behaviorchange

Last updated on 2021-09-22 09:52:16 CEST.

Flavor Version Tinstall Tcheck Ttotal Status Flags
r-devel-linux-x86_64-debian-clang 0.4.3 12.33 100.87 113.20 OK
r-devel-linux-x86_64-debian-gcc 0.4.3 9.94 75.26 85.20 OK
r-devel-linux-x86_64-fedora-clang 0.4.3 142.03 OK
r-devel-linux-x86_64-fedora-gcc 0.4.3 133.75 OK
r-devel-windows-x86_64 0.4.3 17.00 95.00 112.00 OK
r-devel-windows-x86_64-gcc10-UCRT 0.4.3 ERROR
r-patched-linux-x86_64 0.4.3 16.59 98.30 114.89 OK
r-patched-solaris-x86 0.4.3 174.10 NOTE
r-release-linux-x86_64 0.4.3 12.06 98.89 110.95 OK
r-release-macos-arm64 0.4.3 OK
r-release-macos-x86_64 0.4.3 OK
r-release-windows-ix86+x86_64 0.4.3 23.00 130.00 153.00 OK
r-oldrel-macos-x86_64 0.4.3 OK
r-oldrel-windows-ix86+x86_64 0.4.3 18.00 98.00 116.00 OK

Check Details

Version: 0.4.3
Check: package dependencies
Result: ERROR
    Packages required but not available: 'DiagrammeR', 'ufs'
    
    Packages suggested but not available for checking: 'kableExtra', 'png'
    
    See section 'The DESCRIPTION file' in the 'Writing R Extensions'
    manual.
Flavor: r-devel-windows-x86_64-gcc10-UCRT

Version: 0.4.3
Check: package dependencies
Result: NOTE
    Package suggested but not available for checking: ‘rsvg’
Flavor: r-patched-solaris-x86

Version: 0.4.3
Check: installed package size
Result: NOTE
     installed size is 5.3Mb
     sub-directories of 1Mb or more:
     doc 4.3Mb
Flavor: r-patched-solaris-x86