CRAN Package Check Results for Package beam

Last updated on 2021-10-23 10:56:46 CEST.

Flavor Version Tinstall Tcheck Ttotal Status Flags
r-devel-linux-x86_64-debian-clang 2.0.2 58.52 82.28 140.80 OK
r-devel-linux-x86_64-debian-gcc 2.0.2 43.23 63.65 106.88 OK
r-devel-linux-x86_64-fedora-clang 2.0.2 193.91 OK
r-devel-linux-x86_64-fedora-gcc 2.0.2 175.12 OK
r-devel-windows-x86_64 2.0.2 76.00 124.00 200.00 OK
r-devel-windows-x86_64-gcc10-UCRT 2.0.2 OK
r-patched-linux-x86_64 2.0.2 52.92 77.76 130.68 OK
r-patched-solaris-x86 2.0.2 213.00 OK
r-release-linux-x86_64 2.0.2 50.89 77.77 128.66 OK
r-release-macos-arm64 2.0.2 NOTE
r-release-macos-x86_64 2.0.2 NOTE
r-release-windows-ix86+x86_64 2.0.2 103.00 147.00 250.00 OK
r-oldrel-macos-x86_64 2.0.2 NOTE
r-oldrel-windows-ix86+x86_64 2.0.2 141.00 154.00 295.00 OK

Check Details

Version: 2.0.2
Check: installed package size
Result: NOTE
     installed size is 5.7Mb
     sub-directories of 1Mb or more:
     libs 5.0Mb
Flavors: r-release-macos-arm64, r-release-macos-x86_64, r-oldrel-macos-x86_64