Last updated on 2024-04-24 10:22:49 CEST.
Flavor | Version | Tinstall | Tcheck | Ttotal | Status | Flags |
---|---|---|---|---|---|---|
r-devel-linux-x86_64-debian-clang | 1.0.1.1 | 12.45 | 94.27 | 106.72 | NOTE | |
r-devel-linux-x86_64-debian-gcc | 1.0.1.1 | 12.03 | 69.28 | 81.31 | NOTE | |
r-devel-linux-x86_64-fedora-clang | 1.0.1.1 | 139.58 | NOTE | |||
r-devel-linux-x86_64-fedora-gcc | 1.0.1.1 | 127.72 | NOTE | |||
r-devel-windows-x86_64 | 1.0.1.1 | 17.00 | 96.00 | 113.00 | NOTE | |
r-patched-linux-x86_64 | 1.0.1.1 | 15.61 | 90.58 | 106.19 | NOTE | |
r-release-linux-x86_64 | 1.0.1.1 | 14.32 | 90.27 | 104.59 | OK | |
r-release-macos-arm64 | 1.0.1.1 | 40.00 | OK | |||
r-release-windows-x86_64 | 1.0.1.1 | 18.00 | 111.00 | 129.00 | OK | |
r-oldrel-macos-arm64 | 1.0.1.1 | 41.00 | OK | |||
r-oldrel-macos-x86_64 | 1.0.1.1 | 65.00 | OK | |||
r-oldrel-windows-x86_64 | 1.0.1.1 | 21.00 | 113.00 | 134.00 | OK |
Version: 1.0.1.1
Check: Rd files
Result: NOTE
checkRd: (-1) bde.Rd:20: Lost braces in \itemize; meant \describe ?
checkRd: (-1) bde.Rd:21: Lost braces in \itemize; meant \describe ?
checkRd: (-1) bde.Rd:22: Lost braces in \itemize; meant \describe ?
checkRd: (-1) bde.Rd:23: Lost braces in \itemize; meant \describe ?
checkRd: (-1) bde.Rd:34: Lost braces in \itemize; meant \describe ?
checkRd: (-1) bde.Rd:35: Lost braces in \itemize; meant \describe ?
checkRd: (-1) bde.Rd:36: Lost braces in \itemize; meant \describe ?
checkRd: (-1) bde.Rd:37: Lost braces in \itemize; meant \describe ?
checkRd: (-1) bde.Rd:42: Lost braces in \itemize; meant \describe ?
checkRd: (-1) bde.Rd:47: Lost braces in \itemize; meant \describe ?
checkRd: (-1) bde.Rd:48: Lost braces in \itemize; meant \describe ?
checkRd: (-1) bde.Rd:49: Lost braces in \itemize; meant \describe ?
checkRd: (-1) bde.Rd:54: Lost braces in \itemize; meant \describe ?
checkRd: (-1) bde.Rd:55: Lost braces in \itemize; meant \describe ?
checkRd: (-1) bde.Rd:56: Lost braces in \itemize; meant \describe ?
Flavors: r-devel-linux-x86_64-debian-clang, r-devel-linux-x86_64-debian-gcc, r-devel-linux-x86_64-fedora-clang, r-devel-linux-x86_64-fedora-gcc, r-devel-windows-x86_64, r-patched-linux-x86_64