CRAN Package Check Results for Package bdclean

Last updated on 2021-10-20 09:55:02 CEST.

Flavor Version Tinstall Tcheck Ttotal Status Flags
r-devel-linux-x86_64-debian-clang 0.1.15 11.64 93.18 104.82 NOTE
r-devel-linux-x86_64-debian-gcc 0.1.15 9.82 72.12 81.94 NOTE
r-devel-linux-x86_64-fedora-clang 0.1.15 134.36 NOTE
r-devel-linux-x86_64-fedora-gcc 0.1.15 122.83 NOTE
r-devel-windows-x86_64 0.1.15 23.00 139.00 162.00 NOTE
r-devel-windows-x86_64-gcc10-UCRT 0.1.15 NOTE
r-patched-linux-x86_64 0.1.15 11.78 89.58 101.36 NOTE
r-patched-solaris-x86 0.1.15 185.80 NOTE
r-release-linux-x86_64 0.1.15 10.23 87.97 98.20 NOTE
r-release-macos-arm64 0.1.15 NOTE
r-release-macos-x86_64 0.1.15 NOTE
r-release-windows-ix86+x86_64 0.1.15 35.00 130.00 165.00 NOTE
r-oldrel-macos-x86_64 0.1.15 NOTE
r-oldrel-windows-ix86+x86_64 0.1.15 36.00 128.00 164.00 OK

Check Details

Version: 0.1.15
Check: LazyData
Result: NOTE
     'LazyData' is specified without a 'data' directory
Flavors: r-devel-linux-x86_64-debian-clang, r-devel-linux-x86_64-debian-gcc, r-devel-linux-x86_64-fedora-clang, r-devel-linux-x86_64-fedora-gcc, r-devel-windows-x86_64, r-devel-windows-x86_64-gcc10-UCRT, r-patched-linux-x86_64, r-patched-solaris-x86, r-release-linux-x86_64, r-release-macos-arm64, r-release-macos-x86_64, r-release-windows-ix86+x86_64

Version: 0.1.15
Check: dependencies in R code
Result: NOTE
    Namespace in Imports field not imported from: ‘DT’
     All declared Imports should be used.
Flavors: r-devel-linux-x86_64-fedora-clang, r-devel-linux-x86_64-fedora-gcc, r-devel-windows-x86_64-gcc10-UCRT, r-patched-solaris-x86, r-release-macos-arm64, r-release-macos-x86_64, r-oldrel-macos-x86_64