CRAN Package Check Results for Package bcrm

Last updated on 2021-07-27 09:53:09 CEST.

Flavor Version Tinstall Tcheck Ttotal Status Flags
r-devel-linux-x86_64-debian-clang 0.5.4 7.05 62.96 70.01 OK
r-devel-linux-x86_64-debian-gcc 0.5.4 6.03 46.49 52.52 OK
r-devel-linux-x86_64-fedora-clang 0.5.4 91.42 NOTE
r-devel-linux-x86_64-fedora-gcc 0.5.4 79.13 NOTE
r-devel-windows-x86_64 0.5.4 13.00 79.00 92.00 OK
r-devel-windows-x86_64-gcc10-UCRT 0.5.4 NOTE
r-patched-linux-x86_64 0.5.4 7.91 60.15 68.06 OK
r-patched-solaris-x86 0.5.4 107.70 NOTE
r-release-linux-x86_64 0.5.4 6.25 58.93 65.18 OK
r-release-macos-arm64 0.5.4 NOTE
r-release-macos-x86_64 0.5.4 NOTE
r-release-windows-ix86+x86_64 0.5.4 18.00 57.00 75.00 OK
r-oldrel-macos-x86_64 0.5.4 NOTE
r-oldrel-windows-ix86+x86_64 0.5.4 13.00 78.00 91.00 OK

Check Details

Version: 0.5.4
Check: dependencies in R code
Result: NOTE
    Namespaces in Imports field not imported from:
     ‘knitr’ ‘rlang’
     All declared Imports should be used.
Flavors: r-devel-linux-x86_64-fedora-clang, r-devel-linux-x86_64-fedora-gcc, r-devel-windows-x86_64-gcc10-UCRT, r-patched-solaris-x86, r-release-macos-arm64, r-release-macos-x86_64, r-oldrel-macos-x86_64

Version: 0.5.4
Check: package dependencies
Result: NOTE
    Package suggested but not available for checking: 'BRugs'
Flavors: r-devel-windows-x86_64-gcc10-UCRT, r-patched-solaris-x86, r-release-macos-x86_64, r-oldrel-macos-x86_64

Version: 0.5.4
Check: package dependencies
Result: NOTE
    Packages suggested but not available for checking: 'BRugs', 'rjags'
Flavor: r-release-macos-arm64