CRAN Package Check Results for Package bcpmeta

Last updated on 2021-10-15 09:51:38 CEST.

Flavor Version Tinstall Tcheck Ttotal Status Flags
r-devel-linux-x86_64-debian-clang 1.0 3.88 47.57 51.45 NOTE
r-devel-linux-x86_64-debian-gcc 1.0 2.96 35.37 38.33 NOTE
r-devel-linux-x86_64-fedora-clang 1.0 68.19 NOTE
r-devel-linux-x86_64-fedora-gcc 1.0 58.46 NOTE
r-devel-windows-x86_64 1.0 4.00 48.00 52.00 NOTE
r-devel-windows-x86_64-gcc10-UCRT 1.0 NOTE
r-patched-linux-x86_64 1.0 4.23 45.89 50.12 NOTE
r-patched-solaris-x86 1.0 82.10 NOTE
r-release-linux-x86_64 1.0 4.00 45.63 49.63 NOTE
r-release-macos-arm64 1.0 NOTE
r-release-macos-x86_64 1.0 NOTE
r-release-windows-ix86+x86_64 1.0 6.00 53.00 59.00 NOTE
r-oldrel-macos-x86_64 1.0 NOTE
r-oldrel-windows-ix86+x86_64 1.0 6.00 70.00 76.00 NOTE

Check Details

Version: 1.0
Check: R code for possible problems
Result: NOTE
    bcpmeta.model: no visible global function definition for 'rbinom'
    bcpmeta.model: no visible global function definition for 'runif'
    bcpmeta.parameters: no visible global function definition for 'runif'
    cp.plot: no visible global function definition for 'postscript'
    cp.plot: no visible global function definition for 'lines'
    cp.plot: no visible global function definition for 'axis'
    cp.plot: no visible global function definition for 'box'
    cp.plot: no visible global function definition for 'points'
    cp.plot: no visible global function definition for 'dev.off'
    lMarLik.EB.normAR: no visible global function definition for 'optimize'
    lMarLik.normAR: no visible global function definition for 'integrate'
    marginal.plot: no visible global function definition for 'postscript'
    marginal.plot: no visible global function definition for 'axis'
    marginal.plot: no visible global function definition for 'box'
    marginal.plot: no visible global function definition for 'points'
    marginal.plot: no visible global function definition for 'dev.off'
    simgen: no visible global function definition for 'rnorm'
    up.eta.MH.normAR: no visible global function definition for 'runif'
    up.eta.RS.normAR: no visible global function definition for 'runif'
    up.parameters.EB.normAR: no visible global function definition for
     'rnorm'
    up.parameters.normAR: no visible global function definition for 'rnorm'
    up.parameters.normAR: no visible global function definition for 'runif'
    up.parameters.normAR: no visible global function definition for
     'rgamma'
    Undefined global functions or variables:
     axis box dev.off integrate lines optimize points postscript rbinom
     rgamma rnorm runif
    Consider adding
     importFrom("grDevices", "dev.off", "postscript")
     importFrom("graphics", "axis", "box", "lines", "points")
     importFrom("stats", "integrate", "optimize", "rbinom", "rgamma",
     "rnorm", "runif")
    to your NAMESPACE file.
Flavors: r-devel-linux-x86_64-debian-clang, r-devel-linux-x86_64-debian-gcc, r-devel-linux-x86_64-fedora-clang, r-devel-linux-x86_64-fedora-gcc, r-devel-windows-x86_64, r-devel-windows-x86_64-gcc10-UCRT, r-patched-linux-x86_64, r-patched-solaris-x86, r-release-linux-x86_64, r-release-macos-arm64, r-release-macos-x86_64, r-release-windows-ix86+x86_64, r-oldrel-macos-x86_64, r-oldrel-windows-ix86+x86_64