CRAN Package Check Results for Package bcfrailph

Last updated on 2021-08-01 09:50:11 CEST.

Flavor Version Tinstall Tcheck Ttotal Status Flags
r-devel-linux-x86_64-debian-clang 0.1.0 11.61 83.74 95.35 NOTE
r-devel-linux-x86_64-debian-gcc 0.1.0 9.08 62.22 71.30 NOTE
r-devel-linux-x86_64-fedora-clang 0.1.0 119.49 NOTE
r-devel-linux-x86_64-fedora-gcc 0.1.0 108.57 NOTE
r-devel-windows-x86_64 0.1.0 12.00 99.00 111.00 NOTE
r-devel-windows-x86_64-gcc10-UCRT 0.1.0 NOTE
r-patched-linux-x86_64 0.1.0 NOTE
r-patched-solaris-x86 0.1.0 161.60 NOTE
r-release-linux-x86_64 0.1.0 8.65 79.91 88.56 NOTE
r-release-macos-arm64 0.1.0 NOTE
r-release-macos-x86_64 0.1.0 NOTE
r-release-windows-ix86+x86_64 0.1.0 21.00 71.00 92.00 NOTE
r-oldrel-macos-x86_64 0.1.0 OK
r-oldrel-windows-ix86+x86_64 0.1.0 15.00 99.00 114.00 OK

Check Details

Version: 0.1.0
Check: LazyData
Result: NOTE
     'LazyData' is specified without a 'data' directory
Flavors: r-devel-linux-x86_64-debian-clang, r-devel-linux-x86_64-debian-gcc, r-devel-linux-x86_64-fedora-clang, r-devel-linux-x86_64-fedora-gcc, r-devel-windows-x86_64, r-devel-windows-x86_64-gcc10-UCRT, r-patched-linux-x86_64, r-patched-solaris-x86, r-release-linux-x86_64, r-release-macos-arm64, r-release-macos-x86_64, r-release-windows-ix86+x86_64