CRAN Package Check Results for Package bbsBayes

Last updated on 2021-05-07 09:50:00 CEST.

Flavor Version Tinstall Tcheck Ttotal Status Flags
r-devel-linux-x86_64-debian-clang 2.3.6.2020 13.51 129.09 142.60 OK
r-devel-linux-x86_64-debian-gcc 2.3.6.2020 10.12 96.01 106.13 OK
r-devel-linux-x86_64-fedora-clang 2.3.6.2020 178.63 NOTE
r-devel-linux-x86_64-fedora-gcc 2.3.6.2020 167.73 NOTE
r-devel-windows-ix86+x86_64 2.3.6.2020 27.00 147.00 174.00 OK
r-devel-windows-x86_64-gcc10-UCRT 2.3.6.2020 NOTE
r-patched-linux-x86_64 2.3.6.2020 11.50 121.69 133.19 OK
r-patched-solaris-x86 2.3.6.2020 293.60 NOTE
r-release-linux-x86_64 2.3.6.2020 11.14 119.20 130.34 OK
r-release-macos-x86_64 2.3.6.2020 NOTE
r-release-windows-ix86+x86_64 2.3.6.2020 19.00 111.00 130.00 OK
r-oldrel-macos-x86_64 2.3.6.2020 NOTE
r-oldrel-windows-ix86+x86_64 2.3.6.2020 23.00 142.00 165.00 OK

Check Details

Version: 2.3.6.2020
Check: dependencies in R code
Result: NOTE
    Namespaces in Imports field not imported from:
     ‘latticeExtra’ ‘rgdal’
     All declared Imports should be used.
Flavors: r-devel-linux-x86_64-fedora-clang, r-devel-linux-x86_64-fedora-gcc, r-devel-windows-x86_64-gcc10-UCRT, r-patched-solaris-x86, r-release-macos-x86_64, r-oldrel-macos-x86_64