CRAN Package Check Results for Package bayesvl

Last updated on 2021-07-24 09:53:50 CEST.

Flavor Version Tinstall Tcheck Ttotal Status Flags
r-devel-linux-x86_64-debian-clang 0.8.5 14.19 95.37 109.56 OK
r-devel-linux-x86_64-debian-gcc 0.8.5 12.33 70.89 83.22 OK
r-devel-linux-x86_64-fedora-clang 0.8.5 139.61 NOTE
r-devel-linux-x86_64-fedora-gcc 0.8.5 130.62 NOTE
r-devel-windows-x86_64 0.8.5 22.00 89.00 111.00 OK
r-devel-windows-x86_64-gcc10-UCRT 0.8.5 NOTE
r-patched-linux-x86_64 0.8.5 18.67 88.46 107.13 OK
r-patched-solaris-x86 0.8.5 188.40 NOTE
r-release-linux-x86_64 0.8.5 12.19 89.10 101.29 OK
r-release-macos-arm64 0.8.5 NOTE
r-release-macos-x86_64 0.8.5 NOTE
r-release-windows-ix86+x86_64 0.8.5 38.00 91.00 129.00 OK
r-oldrel-macos-x86_64 0.8.5 NOTE
r-oldrel-windows-ix86+x86_64 0.8.5 39.00 120.00 159.00 OK

Check Details

Version: 0.8.5
Check: dependencies in R code
Result: NOTE
    Namespace in Imports field not imported from: ‘dplyr’
     All declared Imports should be used.
Flavors: r-devel-linux-x86_64-fedora-clang, r-devel-linux-x86_64-fedora-gcc, r-devel-windows-x86_64-gcc10-UCRT, r-patched-solaris-x86, r-release-macos-arm64, r-release-macos-x86_64, r-oldrel-macos-x86_64