CRAN Package Check Results for Package bayestestR

Last updated on 2021-09-22 09:52:15 CEST.

Flavor Version Tinstall Tcheck Ttotal Status Flags
r-devel-linux-x86_64-debian-clang 0.11.0 14.77 337.10 351.87 OK
r-devel-linux-x86_64-debian-gcc 0.11.0 10.99 242.83 253.82 OK
r-devel-linux-x86_64-fedora-clang 0.11.0 411.71 NOTE
r-devel-linux-x86_64-fedora-gcc 0.11.0 408.76 OK
r-devel-windows-x86_64 0.11.0 15.00 367.00 382.00 NOTE
r-devel-windows-x86_64-gcc10-UCRT 0.11.0 ERROR
r-patched-linux-x86_64 0.11.0 15.01 368.48 383.49 OK
r-patched-solaris-x86 0.11.0 700.50 NOTE
r-release-linux-x86_64 0.11.0 11.81 371.10 382.91 OK
r-release-macos-arm64 0.11.0 NOTE
r-release-macos-x86_64 0.11.0 NOTE
r-release-windows-ix86+x86_64 0.11.0 22.00 498.00 520.00 NOTE
r-oldrel-macos-x86_64 0.11.0 NOTE
r-oldrel-windows-ix86+x86_64 0.11.0 15.00 462.00 477.00 NOTE

Check Details

Version: 0.11.0
Check: installed package size
Result: NOTE
     installed size is 5.9Mb
     sub-directories of 1Mb or more:
     doc 3.9Mb
     help 1.3Mb
Flavors: r-devel-linux-x86_64-fedora-clang, r-devel-windows-x86_64, r-patched-solaris-x86, r-release-macos-arm64, r-release-macos-x86_64, r-release-windows-ix86+x86_64, r-oldrel-macos-x86_64, r-oldrel-windows-ix86+x86_64

Version: 0.11.0
Check: package dependencies
Result: NOTE
    Packages suggested but not available for checking:
     'blavaan', 'brms', 'mediation', 'rstan', 'rstanarm', 'spelling'
Flavor: r-devel-windows-x86_64-gcc10-UCRT

Version: 0.11.0
Check: PDF version of manual
Result: WARN
    LaTeX errors when creating PDF version.
    This typically indicates Rd problems.
Flavor: r-devel-windows-x86_64-gcc10-UCRT

Version: 0.11.0
Check: PDF version of manual without hyperrefs or index
Result: ERROR
    Re-running with no redirection of stdout/stderr.
Flavor: r-devel-windows-x86_64-gcc10-UCRT

Version: 0.11.0
Check: for detritus in the temp directory
Result: NOTE
    Found the following files/directories:
     ‘RtmpCraW_j’
Flavor: r-patched-solaris-x86