Last updated on 2024-04-18 10:49:41 CEST.
Flavor | Version | Tinstall | Tcheck | Ttotal | Status | Flags |
---|---|---|---|---|---|---|
r-devel-linux-x86_64-debian-clang | 1.11.1 | 12.90 | 719.42 | 732.32 | OK | |
r-devel-linux-x86_64-debian-gcc | 1.11.1 | 13.08 | 496.89 | 509.97 | OK | |
r-devel-linux-x86_64-fedora-clang | 1.11.1 | 833.45 | NOTE | |||
r-devel-linux-x86_64-fedora-gcc | 1.11.1 | 601.55 | OK | |||
r-prerel-macos-arm64 | 1.11.1 | 209.00 | NOTE | |||
r-prerel-macos-x86_64 | 1.11.1 | 357.00 | NOTE | |||
r-prerel-windows-x86_64 | 1.11.1 | 15.00 | 432.00 | 447.00 | NOTE | |
r-patched-linux-x86_64 | 1.11.1 | 24.23 | 637.63 | 661.86 | OK | |
r-release-linux-x86_64 | 1.11.1 | 13.16 | 666.90 | 680.06 | OK | |
r-release-macos-arm64 | 1.11.1 | 151.00 | NOTE | |||
r-release-macos-x86_64 | 1.11.1 | 318.00 | NOTE | |||
r-release-windows-x86_64 | 1.11.1 | 20.00 | 616.00 | 636.00 | NOTE | |
r-oldrel-macos-arm64 | 1.11.1 | 137.00 | NOTE | |||
r-oldrel-windows-x86_64 | 1.11.1 | 21.00 | 608.00 | 629.00 | NOTE |
Version: 1.11.1
Check: installed package size
Result: NOTE
installed size is 6.5Mb
sub-directories of 1Mb or more:
R 1.9Mb
doc 3.8Mb
Flavors: r-devel-linux-x86_64-fedora-clang, r-prerel-macos-arm64, r-prerel-macos-x86_64, r-prerel-windows-x86_64, r-release-macos-arm64, r-release-macos-x86_64, r-release-windows-x86_64, r-oldrel-macos-arm64, r-oldrel-windows-x86_64