CRAN Package Check Results for Package bayesloglin

Last updated on 2021-10-22 09:52:57 CEST.

Flavor Version Tinstall Tcheck Ttotal Status Flags
r-devel-linux-x86_64-debian-clang 1.0.1 4.80 46.27 51.07 OK
r-devel-linux-x86_64-debian-gcc 1.0.1 3.67 36.26 39.93 OK
r-devel-linux-x86_64-fedora-clang 1.0.1 74.29 NOTE
r-devel-linux-x86_64-fedora-gcc 1.0.1 63.13 NOTE
r-devel-windows-x86_64 1.0.1 7.00 68.00 75.00 OK
r-devel-windows-x86_64-gcc10-UCRT 1.0.1 ERROR
r-patched-linux-x86_64 1.0.1 4.16 45.16 49.32 OK
r-patched-solaris-x86 1.0.1 89.20 OK
r-release-linux-x86_64 1.0.1 4.55 44.95 49.50 OK
r-release-macos-arm64 1.0.1 OK
r-release-macos-x86_64 1.0.1 OK
r-release-windows-ix86+x86_64 1.0.1 8.00 81.00 89.00 NOTE
r-oldrel-macos-x86_64 1.0.1 OK
r-oldrel-windows-ix86+x86_64 1.0.1 11.00 84.00 95.00 NOTE

Check Details

Version: 1.0.1
Check: compiled code
Result: NOTE
    File ‘bayesloglin/libs/bayesloglin.so’:
     Found no calls to: ‘R_registerRoutines’, ‘R_useDynamicSymbols’
    
    It is good practice to register native routines and to disable symbol
    search.
    
    See ‘Writing portable packages’ in the ‘Writing R Extensions’ manual.
Flavors: r-devel-linux-x86_64-fedora-clang, r-devel-linux-x86_64-fedora-gcc

Version: 1.0.1
Check: package dependencies
Result: ERROR
    Package required but not available: 'igraph'
    
    See section 'The DESCRIPTION file' in the 'Writing R Extensions'
    manual.
Flavor: r-devel-windows-x86_64-gcc10-UCRT

Version: 1.0.1
Check: DESCRIPTION meta-information
Result: NOTE
    NeedsCompilation field should likely be 'yes'
Flavors: r-release-windows-ix86+x86_64, r-oldrel-windows-ix86+x86_64