CRAN Package Check Results for Package bayesdistreg

Last updated on 2021-10-24 10:03:59 CEST.

Flavor Version Tinstall Tcheck Ttotal Status Flags
r-devel-linux-x86_64-debian-clang 0.1.0 2.63 37.27 39.90 NOTE
r-devel-linux-x86_64-debian-gcc 0.1.0 2.02 27.17 29.19 NOTE
r-devel-linux-x86_64-fedora-clang 0.1.0 58.16 NOTE
r-devel-linux-x86_64-fedora-gcc 0.1.0 46.78 NOTE
r-devel-windows-x86_64 0.1.0 5.00 47.00 52.00 NOTE
r-devel-windows-x86_64-gcc10-UCRT 0.1.0 NOTE
r-patched-linux-x86_64 0.1.0 2.51 34.92 37.43 NOTE
r-patched-solaris-x86 0.1.0 78.50 NOTE
r-release-linux-x86_64 0.1.0 2.48 35.38 37.86 NOTE
r-release-macos-arm64 0.1.0 NOTE
r-release-macos-x86_64 0.1.0 NOTE
r-release-windows-ix86+x86_64 0.1.0 5.00 64.00 69.00 NOTE
r-oldrel-macos-x86_64 0.1.0 OK
r-oldrel-windows-ix86+x86_64 0.1.0 6.00 70.00 76.00 OK

Check Details

Version: 0.1.0
Check: LazyData
Result: NOTE
     'LazyData' is specified without a 'data' directory
Flavors: r-devel-linux-x86_64-debian-clang, r-devel-linux-x86_64-debian-gcc, r-devel-linux-x86_64-fedora-clang, r-devel-linux-x86_64-fedora-gcc, r-devel-windows-x86_64, r-devel-windows-x86_64-gcc10-UCRT, r-patched-linux-x86_64, r-patched-solaris-x86, r-release-linux-x86_64, r-release-macos-arm64, r-release-macos-x86_64, r-release-windows-ix86+x86_64