Last updated on 2024-05-11 09:51:13 CEST.
Flavor | Version | Tinstall | Tcheck | Ttotal | Status | Flags |
---|---|---|---|---|---|---|
r-devel-linux-x86_64-debian-clang | 3.0.4 | 6.96 | 30.10 | 37.06 | NOTE | |
r-devel-linux-x86_64-debian-gcc | 3.0.4 | 4.55 | 23.10 | 27.65 | NOTE | |
r-devel-linux-x86_64-fedora-clang | 3.0.4 | 47.02 | NOTE | |||
r-devel-linux-x86_64-fedora-gcc | 3.0.4 | 49.25 | NOTE | |||
r-devel-windows-x86_64 | 3.0.4 | 7.00 | 50.00 | 57.00 | NOTE | |
r-patched-linux-x86_64 | 3.0.4 | 5.66 | 29.63 | 35.29 | NOTE | |
r-release-linux-x86_64 | 3.0.4 | 5.36 | 29.15 | 34.51 | NOTE | |
r-release-macos-arm64 | 3.0.4 | 18.00 | NOTE | |||
r-release-windows-x86_64 | 3.0.4 | 8.00 | 46.00 | 54.00 | NOTE | |
r-oldrel-macos-arm64 | 3.0.4 | 22.00 | OK | |||
r-oldrel-macos-x86_64 | 3.0.4 | 43.00 | OK | |||
r-oldrel-windows-x86_64 | 3.0.4 | 9.00 | 48.00 | 57.00 | OK |
Version: 3.0.4
Check: Rd files
Result: NOTE
checkRd: (-1) bayesDccGarch.Rd:91: Lost braces; missing escapes or markup?
91 | \item{$H_n1 }{ Bayesian prediction of volatilities and co-volatilities for y_{n+1}.}
| ^
checkRd: (-1) bayesDccGarch.Rd:92: Lost braces; missing escapes or markup?
92 | \item{$R_n1 }{ Bayesian prediction of coditional correlation for y_{n+1}.}
| ^
Flavors: r-devel-linux-x86_64-debian-clang, r-devel-linux-x86_64-debian-gcc, r-devel-linux-x86_64-fedora-clang, r-devel-linux-x86_64-fedora-gcc, r-devel-windows-x86_64, r-patched-linux-x86_64, r-release-linux-x86_64, r-release-macos-arm64, r-release-windows-x86_64