CRAN Package Check Results for Package basedosdados

Last updated on 2021-10-23 10:56:45 CEST.

Flavor Version Tinstall Tcheck Ttotal Status Flags
r-devel-linux-x86_64-debian-clang 0.1.0 8.10 65.27 73.37 OK
r-devel-linux-x86_64-debian-gcc 0.1.0 6.67 50.21 56.88 OK
r-devel-linux-x86_64-fedora-clang 0.1.0 100.06 NOTE
r-devel-linux-x86_64-fedora-gcc 0.1.0 85.88 NOTE
r-devel-windows-x86_64 0.1.0 13.00 90.00 103.00 OK
r-devel-windows-x86_64-gcc10-UCRT 0.1.0 NOTE
r-patched-linux-x86_64 0.1.0 7.40 61.45 68.85 OK
r-patched-solaris-x86 0.1.0 124.20 NOTE
r-release-linux-x86_64 0.1.0 7.75 60.95 68.70 OK
r-release-macos-arm64 0.1.0 NOTE
r-release-macos-x86_64 0.1.0 NOTE
r-release-windows-ix86+x86_64 0.1.0 14.00 88.00 102.00 OK
r-oldrel-macos-x86_64 0.1.0 NOTE
r-oldrel-windows-ix86+x86_64 0.1.0 22.00 90.00 112.00 OK

Check Details

Version: 0.1.0
Check: dependencies in R code
Result: NOTE
    Namespaces in Imports field not imported from:
     ‘dbplyr’ ‘dotenv’ ‘googleAuthR’ ‘httr’ ‘writexl’
     All declared Imports should be used.
Flavors: r-devel-linux-x86_64-fedora-clang, r-devel-linux-x86_64-fedora-gcc, r-devel-windows-x86_64-gcc10-UCRT, r-patched-solaris-x86, r-release-macos-arm64, r-release-macos-x86_64, r-oldrel-macos-x86_64

Version: 0.1.0
Check: Rd cross-references
Result: NOTE
    Undeclared packages ‘jsonlite’, ‘arrow’ in Rd xrefs
Flavor: r-devel-linux-x86_64-fedora-clang