CRAN Package Check Results for Package bartBMA

Last updated on 2021-10-22 09:52:57 CEST.

Flavor Version Tinstall Tcheck Ttotal Status Flags
r-devel-linux-x86_64-debian-clang 1.0 281.67 64.82 346.49 OK
r-devel-linux-x86_64-debian-gcc 1.0 161.01 50.13 211.14 OK
r-devel-linux-x86_64-fedora-clang 1.0 540.63 NOTE
r-devel-linux-x86_64-fedora-gcc 1.0 370.66 NOTE
r-devel-windows-x86_64 1.0 205.00 102.00 307.00 OK
r-devel-windows-x86_64-gcc10-UCRT 1.0 NOTE
r-patched-linux-x86_64 1.0 174.64 63.28 237.92 OK
r-patched-solaris-x86 1.0 322.00 NOTE
r-release-linux-x86_64 1.0 171.74 63.04 234.78 OK
r-release-macos-arm64 1.0 NOTE
r-release-macos-x86_64 1.0 NOTE
r-release-windows-ix86+x86_64 1.0 286.00 158.00 444.00 NOTE
r-oldrel-macos-x86_64 1.0 NOTE
r-oldrel-windows-ix86+x86_64 1.0 426.00 158.00 584.00 NOTE

Check Details

Version: 1.0
Check: installed package size
Result: NOTE
     installed size is 27.6Mb
     sub-directories of 1Mb or more:
     libs 27.4Mb
Flavors: r-devel-linux-x86_64-fedora-clang, r-release-macos-arm64, r-release-macos-x86_64, r-release-windows-ix86+x86_64, r-oldrel-macos-x86_64, r-oldrel-windows-ix86+x86_64

Version: 1.0
Check: dependencies in R code
Result: NOTE
    Namespace in Imports field not imported from: ‘mvnfast’
     All declared Imports should be used.
Flavors: r-devel-linux-x86_64-fedora-clang, r-devel-linux-x86_64-fedora-gcc, r-devel-windows-x86_64-gcc10-UCRT, r-patched-solaris-x86, r-release-macos-arm64, r-release-macos-x86_64, r-oldrel-macos-x86_64