Last updated on 2024-04-23 10:53:57 CEST.
Flavor | Version | Tinstall | Tcheck | Ttotal | Status | Flags |
---|---|---|---|---|---|---|
r-devel-linux-x86_64-debian-clang | 1.2-3 | 79.54 | 487.50 | 567.04 | OK | |
r-devel-linux-x86_64-debian-gcc | 1.2-3 | 69.79 | 325.17 | 394.96 | OK | |
r-devel-linux-x86_64-fedora-clang | 1.2-3 | 686.55 | NOTE | |||
r-devel-linux-x86_64-fedora-gcc | 1.2-3 | 654.55 | OK | |||
r-prerel-macos-arm64 | 1.2-3 | 143.00 | NOTE | |||
r-prerel-macos-x86_64 | 1.2-3 | 396.00 | NOTE | |||
r-prerel-windows-x86_64 | 1.2-3 | 70.00 | 300.00 | 370.00 | NOTE | |
r-patched-linux-x86_64 | 1.2-3 | 84.97 | 445.32 | 530.29 | OK | |
r-release-linux-x86_64 | 1.2-3 | 69.94 | 451.43 | 521.37 | OK | |
r-release-macos-arm64 | 1.2-3 | 157.00 | NOTE | |||
r-release-macos-x86_64 | 1.2-3 | 421.00 | NOTE | |||
r-release-windows-x86_64 | 1.2-3 | 100.00 | 407.00 | 507.00 | NOTE | |
r-oldrel-macos-arm64 | 1.2-3 | 133.00 | NOTE | |||
r-oldrel-windows-x86_64 | 1.2-3 | 95.00 | 387.00 | 482.00 | NOTE |
Version: 1.2-3
Check: installed package size
Result: NOTE
installed size is 5.9Mb
sub-directories of 1Mb or more:
R 2.5Mb
doc 1.8Mb
Flavors: r-devel-linux-x86_64-fedora-clang, r-prerel-macos-arm64, r-prerel-macos-x86_64, r-prerel-windows-x86_64, r-release-macos-arm64, r-release-macos-x86_64, r-release-windows-x86_64, r-oldrel-macos-arm64, r-oldrel-windows-x86_64
Version: 1.2-3
Check: Rd cross-references
Result: NOTE
Undeclared package ‘akima’ in Rd xrefs
Flavor: r-devel-linux-x86_64-fedora-clang