CRAN Package Check Results for Package bama

Last updated on 2021-10-21 09:54:44 CEST.

Flavor Version Tinstall Tcheck Ttotal Status Flags
r-devel-linux-x86_64-debian-clang 1.2 59.82 40.61 100.43 OK
r-devel-linux-x86_64-debian-gcc 1.2 41.48 30.21 71.69 OK
r-devel-linux-x86_64-fedora-clang 1.2 146.76 OK
r-devel-linux-x86_64-fedora-gcc 1.2 126.81 OK
r-devel-windows-x86_64 1.2 70.00 72.00 142.00 OK
r-devel-windows-x86_64-gcc10-UCRT 1.2 OK
r-patched-linux-x86_64 1.2 52.92 36.72 89.64 OK
r-patched-solaris-x86 1.2 145.60 OK
r-release-linux-x86_64 1.2 47.91 36.64 84.55 OK
r-release-macos-arm64 1.2 NOTE
r-release-macos-x86_64 1.2 NOTE
r-release-windows-ix86+x86_64 1.2 100.00 96.00 196.00 OK
r-oldrel-macos-x86_64 1.2 NOTE
r-oldrel-windows-ix86+x86_64 1.2 137.00 90.00 227.00 OK

Check Details

Version: 1.2
Check: installed package size
Result: NOTE
     installed size is 6.0Mb
     sub-directories of 1Mb or more:
     libs 5.1Mb
Flavors: r-release-macos-arm64, r-release-macos-x86_64, r-oldrel-macos-x86_64