CRAN Package Check Results for Package bagged.outliertrees

Last updated on 2021-10-22 09:52:57 CEST.

Flavor Version Tinstall Tcheck Ttotal Status Flags
r-devel-linux-x86_64-debian-clang 1.0.0 5.74 49.14 54.88 OK
r-devel-linux-x86_64-debian-gcc 1.0.0 4.32 36.21 40.53 OK
r-devel-linux-x86_64-fedora-clang 1.0.0 73.65 OK
r-devel-linux-x86_64-fedora-gcc 1.0.0 61.58 OK
r-devel-windows-x86_64 1.0.0 10.00 95.00 105.00 OK
r-devel-windows-x86_64-gcc10-UCRT 1.0.0 OK
r-patched-linux-x86_64 1.0.0 5.11 45.16 50.27 OK
r-patched-solaris-x86 1.0.0 87.70 ERROR
r-release-linux-x86_64 1.0.0 5.43 45.90 51.33 OK
r-release-macos-arm64 1.0.0 OK
r-release-macos-x86_64 1.0.0 OK
r-release-windows-ix86+x86_64 1.0.0 13.00 96.00 109.00 OK
r-oldrel-macos-x86_64 1.0.0 OK
r-oldrel-windows-ix86+x86_64 1.0.0 14.00 93.00 107.00 OK

Check Details

Version: 1.0.0
Check: examples
Result: ERROR
    Running examples in ‘bagged.outliertrees-Ex.R’ failed
    The error most likely occurred in:
    
    > ### Name: bagged.outliertrees
    > ### Title: Bagged OutlierTrees
    > ### Aliases: bagged.outliertrees
    >
    > ### ** Examples
    >
    > library(bagged.outliertrees)
    >
    > ### example dataset with interesting outliers
    > data(hypothyroid)
    >
    > ### fit a Bagged OutlierTrees model
    > model <- bagged.outliertrees(hypothyroid,
    + ntrees = 10,
    + subsampling_rate = 0.5,
    + z_outlier = 6,
    + nthreads = 1
    + )
    
     |
     | | 0%
    Execution halted
Flavor: r-patched-solaris-x86