CRAN Package Check Results for Package aws.alexa

Last updated on 2021-10-25 09:55:13 CEST.

Flavor Version Tinstall Tcheck Ttotal Status Flags
r-devel-linux-x86_64-debian-clang 0.1.8 3.91 45.94 49.85 NOTE
r-devel-linux-x86_64-debian-gcc 0.1.8 3.12 35.12 38.24 NOTE
r-devel-linux-x86_64-fedora-clang 0.1.8 69.76 NOTE
r-devel-linux-x86_64-fedora-gcc 0.1.8 59.91 NOTE
r-devel-windows-x86_64 0.1.8 11.00 87.00 98.00 NOTE
r-devel-windows-x86_64-gcc10-UCRT 0.1.8 NOTE
r-patched-linux-x86_64 0.1.8 4.40 42.37 46.77 NOTE
r-patched-solaris-x86 0.1.8 90.60 NOTE
r-release-linux-x86_64 0.1.8 3.87 43.62 47.49 NOTE
r-release-macos-arm64 0.1.8 NOTE
r-release-macos-x86_64 0.1.8 NOTE
r-release-windows-ix86+x86_64 0.1.8 13.00 82.00 95.00 NOTE
r-oldrel-macos-x86_64 0.1.8 OK
r-oldrel-windows-ix86+x86_64 0.1.8 17.00 83.00 100.00 OK

Check Details

Version: 0.1.8
Check: LazyData
Result: NOTE
     'LazyData' is specified without a 'data' directory
Flavors: r-devel-linux-x86_64-debian-clang, r-devel-linux-x86_64-debian-gcc, r-devel-linux-x86_64-fedora-clang, r-devel-linux-x86_64-fedora-gcc, r-devel-windows-x86_64, r-devel-windows-x86_64-gcc10-UCRT, r-patched-linux-x86_64, r-patched-solaris-x86, r-release-linux-x86_64, r-release-macos-arm64, r-release-macos-x86_64, r-release-windows-ix86+x86_64