CRAN Package Check Results for Package autostsm

Last updated on 2021-07-29 10:52:48 CEST.

Flavor Version Tinstall Tcheck Ttotal Status Flags
r-devel-linux-x86_64-debian-clang 1.5 OK
r-devel-linux-x86_64-debian-gcc 1.5 29.36 56.10 85.46 OK
r-devel-linux-x86_64-fedora-clang 1.5 169.55 NOTE
r-devel-linux-x86_64-fedora-gcc 1.5 144.62 NOTE
r-devel-windows-x86_64 1.5 54.00 100.00 154.00 OK
r-devel-windows-x86_64-gcc10-UCRT 1.5 NOTE
r-patched-linux-x86_64 1.5 33.60 69.93 103.53 OK
r-patched-solaris-x86 1.5 168.70 NOTE
r-release-linux-x86_64 1.5 37.53 70.15 107.68 OK
r-release-macos-arm64 1.5 NOTE
r-release-macos-x86_64 1.5 NOTE
r-release-windows-ix86+x86_64 1.5 98.00 118.00 216.00 OK
r-oldrel-macos-x86_64 1.5 NOTE
r-oldrel-windows-ix86+x86_64 1.5 71.00 120.00 191.00 OK

Check Details

Version: 1.5
Check: dependencies in R code
Result: NOTE
    Namespace in Imports field not imported from: ‘zoo’
     All declared Imports should be used.
Flavors: r-devel-linux-x86_64-fedora-clang, r-devel-linux-x86_64-fedora-gcc, r-devel-windows-x86_64-gcc10-UCRT, r-patched-solaris-x86, r-release-macos-arm64, r-release-macos-x86_64, r-oldrel-macos-x86_64