Last updated on 2024-03-19 10:52:32 CET.
Flavor | Version | Tinstall | Tcheck | Ttotal | Status | Flags |
---|---|---|---|---|---|---|
r-devel-linux-x86_64-debian-clang | 1.3.5 | 11.75 | 245.11 | 256.86 | OK | |
r-devel-linux-x86_64-debian-gcc | 1.3.5 | 8.40 | 188.51 | 196.91 | OK | |
r-devel-linux-x86_64-fedora-clang | 1.3.5 | 319.06 | NOTE | |||
r-devel-linux-x86_64-fedora-gcc | 1.3.5 | 326.66 | OK | |||
r-devel-windows-x86_64 | 1.3.5 | 10.00 | 245.00 | 255.00 | OK | |
r-patched-linux-x86_64 | 1.3.5 | 13.23 | 238.62 | 251.85 | OK | |
r-release-linux-x86_64 | 1.3.5 | 7.10 | 234.83 | 241.93 | OK | |
r-release-macos-arm64 | 1.3.5 | 117.00 | OK | |||
r-release-macos-x86_64 | 1.3.5 | 264.00 | OK | |||
r-release-windows-x86_64 | 1.3.5 | 15.00 | 311.00 | 326.00 | OK | |
r-oldrel-macos-arm64 | 1.3.5 | 120.00 | OK | |||
r-oldrel-windows-x86_64 | 1.3.5 | 15.00 | 300.00 | 315.00 | OK |
Version: 1.3.5
Check: Rd cross-references
Result: NOTE
Undeclared package ‘gtable’ in Rd xrefs
Flavor: r-devel-linux-x86_64-fedora-clang