CRAN Package Check Results for Package assertr

Last updated on 2021-10-25 09:55:13 CEST.

Flavor Version Tinstall Tcheck Ttotal Status Flags
r-devel-linux-x86_64-debian-clang 2.8 3.35 43.10 46.45 NOTE
r-devel-linux-x86_64-debian-gcc 2.8 2.65 32.71 35.36 NOTE
r-devel-linux-x86_64-fedora-clang 2.8 66.76 NOTE
r-devel-linux-x86_64-fedora-gcc 2.8 56.42 NOTE
r-devel-windows-x86_64 2.8 6.00 67.00 73.00 NOTE
r-devel-windows-x86_64-gcc10-UCRT 2.8 NOTE
r-patched-linux-x86_64 2.8 4.11 40.89 45.00 NOTE
r-patched-solaris-x86 2.8 79.50 NOTE
r-release-linux-x86_64 2.8 3.04 40.65 43.69 NOTE
r-release-macos-arm64 2.8 NOTE
r-release-macos-x86_64 2.8 NOTE
r-release-windows-ix86+x86_64 2.8 6.00 65.00 71.00 NOTE
r-oldrel-macos-x86_64 2.8 OK
r-oldrel-windows-ix86+x86_64 2.8 8.00 68.00 76.00 OK

Check Details

Version: 2.8
Check: LazyData
Result: NOTE
     'LazyData' is specified without a 'data' directory
Flavors: r-devel-linux-x86_64-debian-clang, r-devel-linux-x86_64-debian-gcc, r-devel-linux-x86_64-fedora-clang, r-devel-linux-x86_64-fedora-gcc, r-devel-windows-x86_64, r-devel-windows-x86_64-gcc10-UCRT, r-patched-linux-x86_64, r-patched-solaris-x86, r-release-linux-x86_64, r-release-macos-arm64, r-release-macos-x86_64, r-release-windows-ix86+x86_64