CRAN Package Check Results for Package assertive.strings

Last updated on 2021-09-17 09:53:16 CEST.

Flavor Version Tinstall Tcheck Ttotal Status Flags
r-devel-linux-x86_64-debian-clang 0.0-3 2.61 28.59 31.20 NOTE
r-devel-linux-x86_64-debian-gcc 0.0-3 1.89 22.49 24.38 NOTE
r-devel-linux-x86_64-fedora-clang 0.0-3 48.87 NOTE
r-devel-linux-x86_64-fedora-gcc 0.0-3 35.56 NOTE
r-devel-windows-x86_64 0.0-3 3.00 44.00 47.00 NOTE
r-devel-windows-x86_64-gcc10-UCRT 0.0-3 NOTE
r-patched-linux-x86_64 0.0-3 2.69 27.80 30.49 NOTE
r-patched-solaris-x86 0.0-3 58.70 NOTE
r-release-linux-x86_64 0.0-3 2.47 27.88 30.35 NOTE
r-release-macos-arm64 0.0-3 NOTE
r-release-macos-x86_64 0.0-3 NOTE
r-release-windows-ix86+x86_64 0.0-3 5.00 44.00 49.00 NOTE
r-oldrel-macos-x86_64 0.0-3 OK
r-oldrel-windows-ix86+x86_64 0.0-3 5.00 41.00 46.00 OK

Check Details

Version: 0.0-3
Check: LazyData
Result: NOTE
     'LazyData' is specified without a 'data' directory
Flavors: r-devel-linux-x86_64-debian-clang, r-devel-linux-x86_64-debian-gcc, r-devel-linux-x86_64-fedora-clang, r-devel-linux-x86_64-fedora-gcc, r-devel-windows-x86_64, r-devel-windows-x86_64-gcc10-UCRT, r-patched-linux-x86_64, r-patched-solaris-x86, r-release-linux-x86_64, r-release-macos-arm64, r-release-macos-x86_64, r-release-windows-ix86+x86_64