CRAN Package Check Results for Package assertable

Last updated on 2021-09-26 09:49:28 CEST.

Flavor Version Tinstall Tcheck Ttotal Status Flags
r-devel-linux-x86_64-debian-clang 0.2.8 2.79 33.18 35.97 NOTE
r-devel-linux-x86_64-debian-gcc 0.2.8 2.08 25.66 27.74 NOTE
r-devel-linux-x86_64-fedora-clang 0.2.8 52.66 NOTE
r-devel-linux-x86_64-fedora-gcc 0.2.8 41.80 NOTE
r-devel-windows-x86_64 0.2.8 4.00 50.00 54.00 NOTE
r-devel-windows-x86_64-gcc10-UCRT 0.2.8 NOTE
r-patched-linux-x86_64 0.2.8 2.42 32.70 35.12 NOTE
r-patched-solaris-x86 0.2.8 65.30 NOTE
r-release-linux-x86_64 0.2.8 2.81 32.90 35.71 NOTE
r-release-macos-arm64 0.2.8 NOTE
r-release-macos-x86_64 0.2.8 NOTE
r-release-windows-ix86+x86_64 0.2.8 7.00 59.00 66.00 NOTE
r-oldrel-macos-x86_64 0.2.8 OK
r-oldrel-windows-ix86+x86_64 0.2.8 19.00 46.00 65.00 OK

Check Details

Version: 0.2.8
Check: LazyData
Result: NOTE
     'LazyData' is specified without a 'data' directory
Flavors: r-devel-linux-x86_64-debian-clang, r-devel-linux-x86_64-debian-gcc, r-devel-linux-x86_64-fedora-clang, r-devel-linux-x86_64-fedora-gcc, r-devel-windows-x86_64, r-devel-windows-x86_64-gcc10-UCRT, r-patched-linux-x86_64, r-patched-solaris-x86, r-release-linux-x86_64, r-release-macos-arm64, r-release-macos-x86_64, r-release-windows-ix86+x86_64