CRAN Package Check Results for Package ashr

Last updated on 2021-07-29 10:52:48 CEST.

Flavor Version Tinstall Tcheck Ttotal Status Flags
r-devel-linux-x86_64-debian-clang 2.2-47 NOTE
r-devel-linux-x86_64-debian-gcc 2.2-47 22.12 142.89 165.01 NOTE
r-devel-linux-x86_64-fedora-clang 2.2-47 286.83 NOTE
r-devel-linux-x86_64-fedora-gcc 2.2-47 256.66 NOTE
r-devel-windows-x86_64 2.2-47 27.00 234.00 261.00 NOTE
r-devel-windows-x86_64-gcc10-UCRT 2.2-47 NOTE
r-patched-linux-x86_64 2.2-47 26.54 188.90 215.44 NOTE
r-patched-solaris-x86 2.2-47 368.10 NOTE
r-release-linux-x86_64 2.2-47 28.76 189.55 218.31 NOTE
r-release-macos-arm64 2.2-47 WARN
r-release-macos-x86_64 2.2-47 NOTE
r-release-windows-ix86+x86_64 2.2-47 69.00 372.00 441.00 NOTE
r-oldrel-macos-x86_64 2.2-47 OK
r-oldrel-windows-ix86+x86_64 2.2-47 46.00 379.00 425.00 OK

Check Details

Version: 2.2-47
Check: LazyData
Result: NOTE
     'LazyData' is specified without a 'data' directory
Flavors: r-devel-linux-x86_64-debian-clang, r-devel-linux-x86_64-debian-gcc, r-devel-linux-x86_64-fedora-clang, r-devel-linux-x86_64-fedora-gcc, r-devel-windows-x86_64, r-devel-windows-x86_64-gcc10-UCRT, r-patched-linux-x86_64, r-patched-solaris-x86, r-release-linux-x86_64, r-release-macos-arm64, r-release-macos-x86_64, r-release-windows-ix86+x86_64

Version: 2.2-47
Check: package dependencies
Result: NOTE
    Package suggested but not available for checking: ‘REBayes’
Flavor: r-patched-solaris-x86

Version: 2.2-47
Check: re-building of vignette outputs
Result: WARN
    Error(s) in re-building vignettes:
     ...
    --- re-building ‘adaptive_shrinkage.Rmd’ using rmarkdown
    Warning in engine$weave(file, quiet = quiet, encoding = enc) :
     Pandoc (>= 1.12.3) not available. Falling back to R Markdown v1.
    Quitting from lines 101-125 (adaptive_shrinkage.Rmd)
    Error: processing vignette 'adaptive_shrinkage.Rmd' failed with diagnostics:
    polygon edge not found
    --- failed re-building ‘adaptive_shrinkage.Rmd’
    
    SUMMARY: processing the following file failed:
     ‘adaptive_shrinkage.Rmd’
    
    Error: Vignette re-building failed.
    Execution halted
Flavor: r-release-macos-arm64