CRAN Package Check Results for Package asciicast

Last updated on 2021-09-17 09:53:16 CEST.

Flavor Version Tinstall Tcheck Ttotal Status Flags
r-devel-linux-x86_64-debian-clang 1.0.0 5.15 45.19 50.34 NOTE
r-devel-linux-x86_64-debian-gcc 1.0.0 3.99 34.07 38.06 NOTE
r-devel-linux-x86_64-fedora-clang 1.0.0 73.03 NOTE
r-devel-linux-x86_64-fedora-gcc 1.0.0 59.90 NOTE
r-devel-windows-x86_64 1.0.0 7.00 69.00 76.00 NOTE
r-devel-windows-x86_64-gcc10-UCRT 1.0.0 NOTE
r-patched-linux-x86_64 1.0.0 5.56 43.45 49.01 NOTE
r-patched-solaris-x86 1.0.0 78.00 NOTE
r-release-linux-x86_64 1.0.0 4.27 43.44 47.71 NOTE
r-release-macos-arm64 1.0.0 NOTE
r-release-macos-x86_64 1.0.0 NOTE
r-release-windows-ix86+x86_64 1.0.0 14.00 76.00 90.00 NOTE
r-oldrel-macos-x86_64 1.0.0 OK
r-oldrel-windows-ix86+x86_64 1.0.0 9.00 73.00 82.00 OK

Check Details

Version: 1.0.0
Check: LazyData
Result: NOTE
     'LazyData' is specified without a 'data' directory
Flavors: r-devel-linux-x86_64-debian-clang, r-devel-linux-x86_64-debian-gcc, r-devel-linux-x86_64-fedora-clang, r-devel-linux-x86_64-fedora-gcc, r-devel-windows-x86_64, r-devel-windows-x86_64-gcc10-UCRT, r-patched-linux-x86_64, r-patched-solaris-x86, r-release-linux-x86_64, r-release-macos-arm64, r-release-macos-x86_64, r-release-windows-ix86+x86_64