CRAN Package Check Results for Package arctools

Last updated on 2021-07-27 09:53:08 CEST.

Flavor Version Tinstall Tcheck Ttotal Status Flags
r-devel-linux-x86_64-debian-clang 1.1.4 4.45 80.40 84.85 OK
r-devel-linux-x86_64-debian-gcc 1.1.4 3.23 60.88 64.11 OK
r-devel-linux-x86_64-fedora-clang 1.1.4 109.84 OK
r-devel-linux-x86_64-fedora-gcc 1.1.4 99.46 OK
r-devel-windows-x86_64 1.1.4 8.00 152.00 160.00 OK
r-devel-windows-x86_64-gcc10-UCRT 1.1.2 OK
r-patched-linux-x86_64 1.1.4 3.97 77.82 81.79 OK
r-patched-solaris-x86 1.1.4 144.30 OK
r-release-linux-x86_64 1.1.4 4.11 78.90 83.01 OK
r-release-macos-arm64 1.1.4 WARN
r-release-macos-x86_64 1.1.4 OK
r-release-windows-ix86+x86_64 1.1.4 8.00 112.00 120.00 OK
r-oldrel-macos-x86_64 1.1.4 OK
r-oldrel-windows-ix86+x86_64 1.1.4 7.00 114.00 121.00 OK

Check Details

Version: 1.1.4
Check: re-building of vignette outputs
Result: WARN
    Error(s) in re-building vignettes:
    --- re-building ‘arctools_intro.Rmd’ using rmarkdown
    Warning in engine$weave(file, quiet = quiet, encoding = enc) :
     Pandoc (>= 1.12.3) not available. Falling back to R Markdown v1.
    
    Attaching package: 'dplyr'
    
    The following objects are masked from 'package:data.table':
    
     between, first, last
    
    The following objects are masked from 'package:stats':
    
     filter, lag
    
    The following objects are masked from 'package:base':
    
     intersect, setdiff, setequal, union
    
    
    Attaching package: 'lubridate'
    
    The following objects are masked from 'package:data.table':
    
     hour, isoweek, mday, minute, month, quarter, second, wday, week,
     yday, year
    
    The following objects are masked from 'package:base':
    
     date, intersect, setdiff, union
    
    Quitting from lines 60-67 (arctools_intro.Rmd)
    Error: processing vignette 'arctools_intro.Rmd' failed with diagnostics:
    polygon edge not found
    --- failed re-building ‘arctools_intro.Rmd’
    
    SUMMARY: processing the following file failed:
     ‘arctools_intro.Rmd’
    
    Error: Vignette re-building failed.
    Execution halted
Flavor: r-release-macos-arm64