Last updated on 2024-04-17 08:57:24 CEST.
Flavor | Version | Tinstall | Tcheck | Ttotal | Status | Flags |
---|---|---|---|---|---|---|
r-devel-linux-x86_64-debian-clang | 1.3.5 | 64.79 | 115.04 | 179.83 | NOTE | |
r-devel-linux-x86_64-debian-gcc | 1.3.5 | 44.11 | 83.75 | 127.86 | NOTE | |
r-devel-linux-x86_64-fedora-clang | 1.3.5 | 228.82 | NOTE | |||
r-devel-linux-x86_64-fedora-gcc | 1.3.5 | 233.60 | NOTE | |||
r-prerel-macos-arm64 | 1.3.5 | 57.00 | NOTE | |||
r-prerel-windows-x86_64 | 1.3.5 | 45.00 | 113.00 | 158.00 | NOTE | |
r-patched-linux-x86_64 | 1.3.5 | 52.08 | 108.81 | 160.89 | NOTE | |
r-release-linux-x86_64 | 1.3.5 | 56.33 | 109.18 | 165.51 | NOTE | |
r-release-macos-arm64 | 1.3.5 | 63.00 | NOTE | |||
r-release-macos-x86_64 | 1.3.5 | 112.00 | NOTE | |||
r-release-windows-x86_64 | 1.3.5 | 56.00 | 143.00 | 199.00 | NOTE | |
r-oldrel-macos-arm64 | 1.3.5 | 67.00 | OK | |||
r-oldrel-windows-x86_64 | 1.3.5 | 56.00 | 133.00 | 189.00 | OK |
Version: 1.3.5
Check: C++ specification
Result: NOTE
Specified C++11: please drop specification unless essential
Flavors: r-devel-linux-x86_64-debian-clang, r-devel-linux-x86_64-debian-gcc, r-devel-linux-x86_64-fedora-clang, r-devel-linux-x86_64-fedora-gcc, r-prerel-macos-arm64, r-prerel-windows-x86_64, r-patched-linux-x86_64, r-release-linux-x86_64, r-release-macos-arm64, r-release-macos-x86_64, r-release-windows-x86_64