CRAN Package Check Results for Package animation

Last updated on 2021-09-24 09:54:15 CEST.

Flavor Version Tinstall Tcheck Ttotal Status Flags
r-devel-linux-x86_64-debian-clang 2.6 5.48 41.05 46.53 NOTE
r-devel-linux-x86_64-debian-gcc 2.6 4.57 31.57 36.14 NOTE
r-devel-linux-x86_64-fedora-clang 2.6 65.43 NOTE
r-devel-linux-x86_64-fedora-gcc 2.6 54.99 NOTE
r-devel-windows-x86_64 2.6 7.00 43.00 50.00 OK
r-devel-windows-x86_64-gcc10-UCRT 2.6 OK
r-patched-linux-x86_64 2.6 5.52 39.79 45.31 NOTE
r-patched-solaris-x86 2.6 77.80 NOTE
r-release-linux-x86_64 2.6 4.90 40.23 45.13 NOTE
r-release-macos-arm64 2.6 OK
r-release-macos-x86_64 2.6 OK
r-release-windows-ix86+x86_64 2.6 11.00 57.00 68.00 OK
r-oldrel-macos-x86_64 2.6 OK
r-oldrel-windows-ix86+x86_64 2.6 21.00 42.00 63.00 OK

Check Details

Version: 2.6
Check: for non-standard things in the check directory
Result: NOTE
    Found the following files/directories:
     'BM-motion-chart.html' 'css' 'images' 'index.html' 'js'
Flavors: r-devel-linux-x86_64-debian-clang, r-devel-linux-x86_64-debian-gcc, r-devel-linux-x86_64-fedora-clang, r-devel-linux-x86_64-fedora-gcc, r-patched-linux-x86_64, r-patched-solaris-x86, r-release-linux-x86_64